{"id":1162,"date":"2025-11-28T18:52:02","date_gmt":"2025-11-28T17:52:02","guid":{"rendered":"https:\/\/qitao.fr\/?page_id=1162"},"modified":"2026-03-29T10:19:51","modified_gmt":"2026-03-29T08:19:51","slug":"financement","status":"publish","type":"page","link":"https:\/\/formations-qitao.fr\/?page_id=1162","title":{"rendered":"Financement"},"content":{"rendered":"<p><span style=\"font-family: georgia, palatino, serif;\"><\/span><\/p>\r\n<p><span style=\"font-family: georgia, palatino, serif;\">Les actions de formation que nous proposons sont certifi\u00e9es Qualiopi (<a href=\"https:\/\/formations-qitao.fr\/certificat-QUA008278-2025-03-05T15_23_23.794Z.pdf\">Voir le certificat<\/a>), elles peuvent donc faire l&rsquo;objet d&rsquo;une prise en charge de tout ou partie du co\u00fbt, par l&rsquo;organisme collecteur des fonds de formation dont vous d\u00e9pendez.<\/span><\/p>\r\n<p><span style=\"text-decoration: underline; color: #ff0000; font-family: georgia, palatino, serif;\"><strong>&gt;&gt;&gt; Nos formations ne sont pas \u00e9ligibles au CPF.<\/strong><\/span><\/p>\r\n<p><span style=\"font-family: georgia, palatino, serif;\">&gt;&gt;&gt; Pour les personnes inscrites \u00e0 P\u00f4le Emploi, il faut d&rsquo;abord faire la demande aupr\u00e8s de votre conseiller avant de nous contacter.<\/span><\/p>\r\n<h2><span style=\"text-decoration: underline; font-family: georgia, palatino, serif;\"><strong><span style=\"color: #3366ff; text-decoration: underline;\">Etape 1<\/span><\/strong><\/span><\/h2>\r\n<p><span style=\"font-family: georgia, palatino, serif;\">Contactez votre organisme collecteur (OPCO) ou FAF afin de conna\u00eetre la proc\u00e9dure \u00e0 suivre.<\/span><\/p>\r\n<blockquote>\r\n<p><span style=\"font-family: georgia, palatino, serif;\">\u200b\u200b&gt;&gt;&gt; <span style=\"color: #3366ff;\"><strong><em>Si vous \u00eates inscrit comme micro-entrepeneur<\/em> <em>depuis moins de 6 mois<\/em><\/strong><\/span>, vous avez la possibilit\u00e9 de faire une demande de prise en charge aupr\u00e8s de\u00a0 l&rsquo;Urssaf.<\/span><\/p>\r\n<p><span style=\"font-family: georgia, palatino, serif;\">&gt;&gt;&gt; <span style=\"color: #3366ff;\"><strong><em>Si vous \u00eates salari\u00e9<\/em><\/strong> <\/span>\u21d2 c&rsquo;est votre employeur qui doit faire la d\u00e9marche au pr\u00e8s de son organisme collecteur (OPCO = OP\u00e9rateur de COmp\u00e9tences)<\/span><\/p>\r\n<p><span style=\"font-family: georgia, palatino, serif;\">&gt;&gt;<span style=\"color: #3366ff;\"> <em><strong>Si vous \u00eates lib\u00e9ral ou micro-entrepreneur depuis plus de 6 mois<\/strong><\/em> <\/span>\u21d2 vous devez contacter au pr\u00e9alable le FAF (Fonds d&rsquo;Assurance Formation) dont vous d\u00e9pendez\u00a0<\/span><\/p>\r\n<\/blockquote>\r\n<p><span style=\"font-family: georgia, palatino, serif;\">\u21d2<a href=\"https:\/\/formations-qitao.fr\/?page_id=1014\"> voir tous les d\u00e9tails dans notre rubrique Partenaires<\/a><\/span><\/p>\r\n<h2><span style=\"text-decoration: underline; font-family: georgia, palatino, serif;\"><span style=\"color: #3366ff; text-decoration: underline;\">Etape 2<\/span><\/span><\/h2>\r\n<p><span style=\"font-family: georgia, palatino, serif;\">Vous devez faire une demande de financement aupr\u00e8s de l&rsquo;organisme collecteur dont vous d\u00e9pendez, il va vous demander de fournir :<\/span><\/p>\r\n<ul style=\"list-style-type: circle;\">\r\n<li><span style=\"font-family: georgia, palatino, serif;\">\u00a01 Devis\u00a0<\/span><\/li>\r\n<li><span style=\"font-family: georgia, palatino, serif;\">1 Programme d\u00e9taill\u00e9<\/span><\/li>\r\n<\/ul>\r\n<p><span style=\"font-family: georgia, palatino, serif;\">Nous vous transmettons ces 2 documents.<\/span><br \/><br \/><\/p>\r\n<h2><span style=\"text-decoration: underline; font-family: georgia, palatino, serif;\"><span style=\"color: #3366ff; text-decoration: underline;\">Etape 3<\/span><\/span><\/h2>\r\n<p><span style=\"font-family: georgia, palatino, serif;\">Nous vous transmettons la Convention de formation<\/span><br \/><br \/><span style=\"font-family: georgia, palatino, serif;\">&gt;&gt;&gt; Pour ce type de formation, il n&rsquo;y a pas de subrogation de paiement, c&rsquo;est \u00e0 dire, que votre organisme en g\u00e9n\u00e9ral n&rsquo;avance pas l&rsquo;argent. <\/span><br \/><span style=\"font-family: georgia, palatino, serif;\">\u21d2Vous recevrez le remboursement \u00e0 l&rsquo;issue de la formation, Vous devrez donc vous acquitter des frais de formation directement aupr\u00e8s de notre organisme<\/span><br \/><br \/><span style=\"font-family: georgia, palatino, serif;\">Pr\u00e9voir 1 \u00e0 3 mois de d\u00e9lai selon les organismes pour le remboursement.<\/span><\/p>\r\n<p>&nbsp;<\/p>\r\n<p>&nbsp;<\/p>\r\n<p><span style=\"font-family: georgia, palatino, serif;\"><\/span><\/p>","protected":false},"excerpt":{"rendered":"<p>Les actions de formation que nous proposons sont certifi\u00e9es Qualiopi (Voir le certificat), elles peuvent donc faire l&rsquo;objet d&rsquo;une prise en charge de tout ou partie du co\u00fbt, par l&rsquo;organisme collecteur des fonds de formation dont vous d\u00e9pendez. &gt;&gt;&gt; Nos formations ne sont pas \u00e9ligibles au CPF. &gt;&gt;&gt; Pour les personnes inscrites \u00e0 P\u00f4le Emploi, [&hellip;]<\/p>\n","protected":false},"author":1,"featured_media":0,"parent":0,"menu_order":0,"comment_status":"closed","ping_status":"closed","template":"","meta":{"footnotes":""},"class_list":["post-1162","page","type-page","status-publish","hentry","post"],"yoast_head":"<!-- This site is optimized with the Yoast SEO plugin v27.4 - https:\/\/yoast.com\/product\/yoast-seo-wordpress\/ -->\n<title>Financement - Qi Tao<\/title>\n<meta name=\"robots\" content=\"index, follow, max-snippet:-1, max-image-preview:large, max-video-preview:-1\" \/>\n<link rel=\"canonical\" href=\"https:\/\/formations-qitao.fr\/?page_id=1162\" \/>\n<meta property=\"og:locale\" content=\"fr_FR\" \/>\n<meta property=\"og:type\" content=\"article\" \/>\n<meta property=\"og:title\" content=\"Financement - Qi Tao\" \/>\n<meta property=\"og:description\" content=\"Les actions de formation que nous proposons sont certifi\u00e9es Qualiopi (Voir le certificat), elles peuvent donc faire l&rsquo;objet d&rsquo;une prise en charge de tout ou partie du co\u00fbt, par l&rsquo;organisme collecteur des fonds de formation dont vous d\u00e9pendez. &gt;&gt;&gt; Nos formations ne sont pas \u00e9ligibles au CPF. &gt;&gt;&gt; Pour les personnes inscrites \u00e0 P\u00f4le Emploi, [&hellip;]\" \/>\n<meta property=\"og:url\" content=\"https:\/\/formations-qitao.fr\/?page_id=1162\" \/>\n<meta property=\"og:site_name\" content=\"Qi Tao\" \/>\n<meta property=\"article:modified_time\" content=\"2026-03-29T08:19:51+00:00\" \/>\n<meta name=\"twitter:card\" content=\"summary_large_image\" \/>\n<meta name=\"twitter:label1\" content=\"Dur\u00e9e de lecture estim\u00e9e\" \/>\n\t<meta name=\"twitter:data1\" content=\"1 minute\" \/>\n<script type=\"application\/ld+json\" class=\"yoast-schema-graph\">{\"@context\":\"https:\\\/\\\/schema.org\",\"@graph\":[{\"@type\":\"WebPage\",\"@id\":\"https:\\\/\\\/formations-qitao.fr\\\/?page_id=1162\",\"url\":\"https:\\\/\\\/formations-qitao.fr\\\/?page_id=1162\",\"name\":\"Financement - Qi Tao\",\"isPartOf\":{\"@id\":\"https:\\\/\\\/formations-qitao.fr\\\/#website\"},\"datePublished\":\"2025-11-28T17:52:02+00:00\",\"dateModified\":\"2026-03-29T08:19:51+00:00\",\"breadcrumb\":{\"@id\":\"https:\\\/\\\/formations-qitao.fr\\\/?page_id=1162#breadcrumb\"},\"inLanguage\":\"fr-FR\",\"potentialAction\":[{\"@type\":\"ReadAction\",\"target\":[\"https:\\\/\\\/formations-qitao.fr\\\/?page_id=1162\"]}]},{\"@type\":\"BreadcrumbList\",\"@id\":\"https:\\\/\\\/formations-qitao.fr\\\/?page_id=1162#breadcrumb\",\"itemListElement\":[{\"@type\":\"ListItem\",\"position\":1,\"name\":\"Accueil\",\"item\":\"https:\\\/\\\/formations-qitao.fr\\\/\"},{\"@type\":\"ListItem\",\"position\":2,\"name\":\"Financement\"}]},{\"@type\":\"WebSite\",\"@id\":\"https:\\\/\\\/formations-qitao.fr\\\/#website\",\"url\":\"https:\\\/\\\/formations-qitao.fr\\\/\",\"name\":\"Qi Tao\",\"description\":\"La voie de l&#039;\u00e9quilibre\",\"publisher\":{\"@id\":\"https:\\\/\\\/formations-qitao.fr\\\/#organization\"},\"potentialAction\":[{\"@type\":\"SearchAction\",\"target\":{\"@type\":\"EntryPoint\",\"urlTemplate\":\"https:\\\/\\\/formations-qitao.fr\\\/?s={search_term_string}\"},\"query-input\":{\"@type\":\"PropertyValueSpecification\",\"valueRequired\":true,\"valueName\":\"search_term_string\"}}],\"inLanguage\":\"fr-FR\"},{\"@type\":\"Organization\",\"@id\":\"https:\\\/\\\/formations-qitao.fr\\\/#organization\",\"name\":\"Qi Tao\",\"url\":\"https:\\\/\\\/formations-qitao.fr\\\/\",\"logo\":{\"@type\":\"ImageObject\",\"inLanguage\":\"fr-FR\",\"@id\":\"https:\\\/\\\/formations-qitao.fr\\\/#\\\/schema\\\/logo\\\/image\\\/\",\"url\":\"https:\\\/\\\/formations-qitao.fr\\\/wp-content\\\/uploads\\\/2021\\\/02\\\/cropped-cropped-logo_qitao_2-1.jpg\",\"contentUrl\":\"https:\\\/\\\/formations-qitao.fr\\\/wp-content\\\/uploads\\\/2021\\\/02\\\/cropped-cropped-logo_qitao_2-1.jpg\",\"width\":200,\"height\":80,\"caption\":\"Qi Tao\"},\"image\":{\"@id\":\"https:\\\/\\\/formations-qitao.fr\\\/#\\\/schema\\\/logo\\\/image\\\/\"}}]}<\/script>\n<!-- \/ Yoast SEO plugin. -->","yoast_head_json":{"title":"Financement - Qi Tao","robots":{"index":"index","follow":"follow","max-snippet":"max-snippet:-1","max-image-preview":"max-image-preview:large","max-video-preview":"max-video-preview:-1"},"canonical":"https:\/\/formations-qitao.fr\/?page_id=1162","og_locale":"fr_FR","og_type":"article","og_title":"Financement - Qi Tao","og_description":"Les actions de formation que nous proposons sont certifi\u00e9es Qualiopi (Voir le certificat), elles peuvent donc faire l&rsquo;objet d&rsquo;une prise en charge de tout ou partie du co\u00fbt, par l&rsquo;organisme collecteur des fonds de formation dont vous d\u00e9pendez. &gt;&gt;&gt; Nos formations ne sont pas \u00e9ligibles au CPF. &gt;&gt;&gt; Pour les personnes inscrites \u00e0 P\u00f4le Emploi, [&hellip;]","og_url":"https:\/\/formations-qitao.fr\/?page_id=1162","og_site_name":"Qi Tao","article_modified_time":"2026-03-29T08:19:51+00:00","twitter_card":"summary_large_image","twitter_misc":{"Dur\u00e9e de lecture estim\u00e9e":"1 minute"},"schema":{"@context":"https:\/\/schema.org","@graph":[{"@type":"WebPage","@id":"https:\/\/formations-qitao.fr\/?page_id=1162","url":"https:\/\/formations-qitao.fr\/?page_id=1162","name":"Financement - Qi Tao","isPartOf":{"@id":"https:\/\/formations-qitao.fr\/#website"},"datePublished":"2025-11-28T17:52:02+00:00","dateModified":"2026-03-29T08:19:51+00:00","breadcrumb":{"@id":"https:\/\/formations-qitao.fr\/?page_id=1162#breadcrumb"},"inLanguage":"fr-FR","potentialAction":[{"@type":"ReadAction","target":["https:\/\/formations-qitao.fr\/?page_id=1162"]}]},{"@type":"BreadcrumbList","@id":"https:\/\/formations-qitao.fr\/?page_id=1162#breadcrumb","itemListElement":[{"@type":"ListItem","position":1,"name":"Accueil","item":"https:\/\/formations-qitao.fr\/"},{"@type":"ListItem","position":2,"name":"Financement"}]},{"@type":"WebSite","@id":"https:\/\/formations-qitao.fr\/#website","url":"https:\/\/formations-qitao.fr\/","name":"Qi Tao","description":"La voie de l&#039;\u00e9quilibre","publisher":{"@id":"https:\/\/formations-qitao.fr\/#organization"},"potentialAction":[{"@type":"SearchAction","target":{"@type":"EntryPoint","urlTemplate":"https:\/\/formations-qitao.fr\/?s={search_term_string}"},"query-input":{"@type":"PropertyValueSpecification","valueRequired":true,"valueName":"search_term_string"}}],"inLanguage":"fr-FR"},{"@type":"Organization","@id":"https:\/\/formations-qitao.fr\/#organization","name":"Qi Tao","url":"https:\/\/formations-qitao.fr\/","logo":{"@type":"ImageObject","inLanguage":"fr-FR","@id":"https:\/\/formations-qitao.fr\/#\/schema\/logo\/image\/","url":"https:\/\/formations-qitao.fr\/wp-content\/uploads\/2021\/02\/cropped-cropped-logo_qitao_2-1.jpg","contentUrl":"https:\/\/formations-qitao.fr\/wp-content\/uploads\/2021\/02\/cropped-cropped-logo_qitao_2-1.jpg","width":200,"height":80,"caption":"Qi Tao"},"image":{"@id":"https:\/\/formations-qitao.fr\/#\/schema\/logo\/image\/"}}]}},"_links":{"self":[{"href":"https:\/\/formations-qitao.fr\/index.php?rest_route=\/wp\/v2\/pages\/1162","targetHints":{"allow":["GET"]}}],"collection":[{"href":"https:\/\/formations-qitao.fr\/index.php?rest_route=\/wp\/v2\/pages"}],"about":[{"href":"https:\/\/formations-qitao.fr\/index.php?rest_route=\/wp\/v2\/types\/page"}],"author":[{"embeddable":true,"href":"https:\/\/formations-qitao.fr\/index.php?rest_route=\/wp\/v2\/users\/1"}],"replies":[{"embeddable":true,"href":"https:\/\/formations-qitao.fr\/index.php?rest_route=%2Fwp%2Fv2%2Fcomments&post=1162"}],"version-history":[{"count":11,"href":"https:\/\/formations-qitao.fr\/index.php?rest_route=\/wp\/v2\/pages\/1162\/revisions"}],"predecessor-version":[{"id":1264,"href":"https:\/\/formations-qitao.fr\/index.php?rest_route=\/wp\/v2\/pages\/1162\/revisions\/1264"}],"wp:attachment":[{"href":"https:\/\/formations-qitao.fr\/index.php?rest_route=%2Fwp%2Fv2%2Fmedia&parent=1162"}],"curies":[{"name":"wp","href":"https:\/\/api.w.org\/{rel}","templated":true}]}}