{"id":1192,"date":"2025-11-29T10:03:43","date_gmt":"2025-11-29T09:03:43","guid":{"rendered":"https:\/\/qitao.fr\/?page_id=1192"},"modified":"2025-11-29T14:11:59","modified_gmt":"2025-11-29T13:11:59","slug":"stagiaire-en-situation-de-handicap","status":"publish","type":"page","link":"https:\/\/formations-qitao.fr\/?page_id=1192","title":{"rendered":"Stagiaire en situation de Handicap"},"content":{"rendered":"<h1><span style=\"color: #3366ff;\">Les engagements du centre en mati\u00e8re de Handicap<\/span><\/h1>\n<p><span style=\"font-family: georgia, palatino, serif;\">Le centre de formation professionnelle Qi Tao s\u2019inscrit dans une politique d\u2019\u00e9galit\u00e9 des chances afin de permettre \u00e0 tous nos stagiaires d\u2019acc\u00e9der \u00e0 nos diff\u00e9rentes formations et de d\u00e9velopper leur potentiel.<\/span><\/p>\n<p><span style=\"font-family: georgia, palatino, serif;\">Tous les stagiaires en situation de handicap temporaire ou permanent ou souffrant d\u2019un trouble de sant\u00e9 invalidant sont accompagn\u00e9s tout au long de leur formation. Nous nous engageons ainsi pour tout apprenant en situation de handicap \u00e0 :<\/span><\/p>\n<ul>\n<li><span style=\"font-family: georgia, palatino, serif;\">Prendre en compte ses besoins<\/span><\/li>\n<li><span style=\"font-family: georgia, palatino, serif;\">\u00c9tudier des am\u00e9nagements sp\u00e9cifiques pour son accompagnement tout au long de la formation<\/span><\/li>\n<li><span style=\"font-family: georgia, palatino, serif;\">L\u2019accompagner dans ses d\u00e9marches.<\/span><\/li>\n<\/ul>\n<p><span style=\"font-family: georgia, palatino, serif;\">Nous mettons ainsi \u00e0 disposition tous les moyens humains, mat\u00e9riels et techniques dans la mesure de nos possibilit\u00e9s pour favoriser l\u2019accueil, l\u2019accompagnement et l\u2019insertion professionnelle des stagiaires en situation de handicap.<\/span><\/p>\n<p><span style=\"font-family: georgia, palatino, serif;\">Toutefois, le succ\u00e8s de l\u2019apprenant reste de sa \u00a0seule responsabilit\u00e9 et le centre Qi Tao ne saurait \u00eatre tenu pour responsable dans le cas o\u00f9 l\u2019apprenant ne d\u00e9ploierait pas les moyens n\u00e9cessaires pour r\u00e9ussir la formation.\u00a0<\/span><\/p>\n<p><span style=\"font-family: georgia, palatino, serif;\">Un livret <a href=\"https:\/\/qitao.fr\/Livret%20accueil%20PSH_Qi-Tao.pdf\">(t\u00e9l\u00e9chargeable ici<\/a>) contient les informations essentielles concernant l\u2019accessibilit\u00e9 de nos formations, le dispositif d\u2019accompagnement d\u00e9ploy\u00e9 pour les apprenants en situation de handicap, ainsi que les am\u00e9nagements mis en place.<\/span><\/p>\n<p>Si vous \u00eates en situation de handicap et souhaitez vous inscrire \u00e0 l&rsquo;une ou l&rsquo;autre de nos formations, merci de remplir au pr\u00e9alable le recueil des besoins et le transmettre \u00e0 notre r\u00e9f\u00e9rent handicap afin qu&rsquo;une \u00e9tude de faisabilit\u00e9 soit diligent\u00e9e.<\/p>\n<p>\u21d2 <a href=\"https:\/\/qitao.fr\/Recueil_besoins_handicap_PSAM.pdf\">receuil des besoins PSH<\/a><\/p>\n","protected":false},"excerpt":{"rendered":"<p>Les engagements du centre en mati\u00e8re de Handicap Le centre de formation professionnelle Qi Tao s\u2019inscrit dans une politique d\u2019\u00e9galit\u00e9 des chances afin de permettre \u00e0 tous nos stagiaires d\u2019acc\u00e9der \u00e0 nos diff\u00e9rentes formations et de d\u00e9velopper leur potentiel. Tous les stagiaires en situation de handicap temporaire ou permanent ou souffrant d\u2019un trouble de sant\u00e9 [&hellip;]<\/p>\n","protected":false},"author":1,"featured_media":0,"parent":0,"menu_order":0,"comment_status":"closed","ping_status":"closed","template":"","meta":{"footnotes":""},"class_list":["post-1192","page","type-page","status-publish","hentry","post"],"yoast_head":"<!-- This site is optimized with the Yoast SEO plugin v27.4 - https:\/\/yoast.com\/product\/yoast-seo-wordpress\/ -->\n<title>Stagiaire en situation de Handicap - Qi Tao<\/title>\n<meta name=\"robots\" content=\"index, follow, max-snippet:-1, max-image-preview:large, max-video-preview:-1\" \/>\n<link rel=\"canonical\" href=\"https:\/\/formations-qitao.fr\/?page_id=1192\" \/>\n<meta property=\"og:locale\" content=\"fr_FR\" \/>\n<meta property=\"og:type\" content=\"article\" \/>\n<meta property=\"og:title\" content=\"Stagiaire en situation de Handicap - Qi Tao\" \/>\n<meta property=\"og:description\" content=\"Les engagements du centre en mati\u00e8re de Handicap Le centre de formation professionnelle Qi Tao s\u2019inscrit dans une politique d\u2019\u00e9galit\u00e9 des chances afin de permettre \u00e0 tous nos stagiaires d\u2019acc\u00e9der \u00e0 nos diff\u00e9rentes formations et de d\u00e9velopper leur potentiel. Tous les stagiaires en situation de handicap temporaire ou permanent ou souffrant d\u2019un trouble de sant\u00e9 [&hellip;]\" \/>\n<meta property=\"og:url\" content=\"https:\/\/formations-qitao.fr\/?page_id=1192\" \/>\n<meta property=\"og:site_name\" content=\"Qi Tao\" \/>\n<meta property=\"article:modified_time\" content=\"2025-11-29T13:11:59+00:00\" \/>\n<meta name=\"twitter:card\" content=\"summary_large_image\" \/>\n<meta name=\"twitter:label1\" content=\"Dur\u00e9e de lecture estim\u00e9e\" \/>\n\t<meta name=\"twitter:data1\" content=\"2 minutes\" \/>\n<script type=\"application\/ld+json\" class=\"yoast-schema-graph\">{\"@context\":\"https:\\\/\\\/schema.org\",\"@graph\":[{\"@type\":\"WebPage\",\"@id\":\"https:\\\/\\\/formations-qitao.fr\\\/?page_id=1192\",\"url\":\"https:\\\/\\\/formations-qitao.fr\\\/?page_id=1192\",\"name\":\"Stagiaire en situation de Handicap - Qi Tao\",\"isPartOf\":{\"@id\":\"https:\\\/\\\/formations-qitao.fr\\\/#website\"},\"datePublished\":\"2025-11-29T09:03:43+00:00\",\"dateModified\":\"2025-11-29T13:11:59+00:00\",\"breadcrumb\":{\"@id\":\"https:\\\/\\\/formations-qitao.fr\\\/?page_id=1192#breadcrumb\"},\"inLanguage\":\"fr-FR\",\"potentialAction\":[{\"@type\":\"ReadAction\",\"target\":[\"https:\\\/\\\/formations-qitao.fr\\\/?page_id=1192\"]}]},{\"@type\":\"BreadcrumbList\",\"@id\":\"https:\\\/\\\/formations-qitao.fr\\\/?page_id=1192#breadcrumb\",\"itemListElement\":[{\"@type\":\"ListItem\",\"position\":1,\"name\":\"Accueil\",\"item\":\"https:\\\/\\\/formations-qitao.fr\\\/\"},{\"@type\":\"ListItem\",\"position\":2,\"name\":\"Stagiaire en situation de Handicap\"}]},{\"@type\":\"WebSite\",\"@id\":\"https:\\\/\\\/formations-qitao.fr\\\/#website\",\"url\":\"https:\\\/\\\/formations-qitao.fr\\\/\",\"name\":\"Qi Tao\",\"description\":\"La voie de l&#039;\u00e9quilibre\",\"publisher\":{\"@id\":\"https:\\\/\\\/formations-qitao.fr\\\/#organization\"},\"potentialAction\":[{\"@type\":\"SearchAction\",\"target\":{\"@type\":\"EntryPoint\",\"urlTemplate\":\"https:\\\/\\\/formations-qitao.fr\\\/?s={search_term_string}\"},\"query-input\":{\"@type\":\"PropertyValueSpecification\",\"valueRequired\":true,\"valueName\":\"search_term_string\"}}],\"inLanguage\":\"fr-FR\"},{\"@type\":\"Organization\",\"@id\":\"https:\\\/\\\/formations-qitao.fr\\\/#organization\",\"name\":\"Qi Tao\",\"url\":\"https:\\\/\\\/formations-qitao.fr\\\/\",\"logo\":{\"@type\":\"ImageObject\",\"inLanguage\":\"fr-FR\",\"@id\":\"https:\\\/\\\/formations-qitao.fr\\\/#\\\/schema\\\/logo\\\/image\\\/\",\"url\":\"https:\\\/\\\/formations-qitao.fr\\\/wp-content\\\/uploads\\\/2021\\\/02\\\/cropped-cropped-logo_qitao_2-1.jpg\",\"contentUrl\":\"https:\\\/\\\/formations-qitao.fr\\\/wp-content\\\/uploads\\\/2021\\\/02\\\/cropped-cropped-logo_qitao_2-1.jpg\",\"width\":200,\"height\":80,\"caption\":\"Qi Tao\"},\"image\":{\"@id\":\"https:\\\/\\\/formations-qitao.fr\\\/#\\\/schema\\\/logo\\\/image\\\/\"}}]}<\/script>\n<!-- \/ Yoast SEO plugin. -->","yoast_head_json":{"title":"Stagiaire en situation de Handicap - Qi Tao","robots":{"index":"index","follow":"follow","max-snippet":"max-snippet:-1","max-image-preview":"max-image-preview:large","max-video-preview":"max-video-preview:-1"},"canonical":"https:\/\/formations-qitao.fr\/?page_id=1192","og_locale":"fr_FR","og_type":"article","og_title":"Stagiaire en situation de Handicap - Qi Tao","og_description":"Les engagements du centre en mati\u00e8re de Handicap Le centre de formation professionnelle Qi Tao s\u2019inscrit dans une politique d\u2019\u00e9galit\u00e9 des chances afin de permettre \u00e0 tous nos stagiaires d\u2019acc\u00e9der \u00e0 nos diff\u00e9rentes formations et de d\u00e9velopper leur potentiel. Tous les stagiaires en situation de handicap temporaire ou permanent ou souffrant d\u2019un trouble de sant\u00e9 [&hellip;]","og_url":"https:\/\/formations-qitao.fr\/?page_id=1192","og_site_name":"Qi Tao","article_modified_time":"2025-11-29T13:11:59+00:00","twitter_card":"summary_large_image","twitter_misc":{"Dur\u00e9e de lecture estim\u00e9e":"2 minutes"},"schema":{"@context":"https:\/\/schema.org","@graph":[{"@type":"WebPage","@id":"https:\/\/formations-qitao.fr\/?page_id=1192","url":"https:\/\/formations-qitao.fr\/?page_id=1192","name":"Stagiaire en situation de Handicap - Qi Tao","isPartOf":{"@id":"https:\/\/formations-qitao.fr\/#website"},"datePublished":"2025-11-29T09:03:43+00:00","dateModified":"2025-11-29T13:11:59+00:00","breadcrumb":{"@id":"https:\/\/formations-qitao.fr\/?page_id=1192#breadcrumb"},"inLanguage":"fr-FR","potentialAction":[{"@type":"ReadAction","target":["https:\/\/formations-qitao.fr\/?page_id=1192"]}]},{"@type":"BreadcrumbList","@id":"https:\/\/formations-qitao.fr\/?page_id=1192#breadcrumb","itemListElement":[{"@type":"ListItem","position":1,"name":"Accueil","item":"https:\/\/formations-qitao.fr\/"},{"@type":"ListItem","position":2,"name":"Stagiaire en situation de Handicap"}]},{"@type":"WebSite","@id":"https:\/\/formations-qitao.fr\/#website","url":"https:\/\/formations-qitao.fr\/","name":"Qi Tao","description":"La voie de l&#039;\u00e9quilibre","publisher":{"@id":"https:\/\/formations-qitao.fr\/#organization"},"potentialAction":[{"@type":"SearchAction","target":{"@type":"EntryPoint","urlTemplate":"https:\/\/formations-qitao.fr\/?s={search_term_string}"},"query-input":{"@type":"PropertyValueSpecification","valueRequired":true,"valueName":"search_term_string"}}],"inLanguage":"fr-FR"},{"@type":"Organization","@id":"https:\/\/formations-qitao.fr\/#organization","name":"Qi Tao","url":"https:\/\/formations-qitao.fr\/","logo":{"@type":"ImageObject","inLanguage":"fr-FR","@id":"https:\/\/formations-qitao.fr\/#\/schema\/logo\/image\/","url":"https:\/\/formations-qitao.fr\/wp-content\/uploads\/2021\/02\/cropped-cropped-logo_qitao_2-1.jpg","contentUrl":"https:\/\/formations-qitao.fr\/wp-content\/uploads\/2021\/02\/cropped-cropped-logo_qitao_2-1.jpg","width":200,"height":80,"caption":"Qi Tao"},"image":{"@id":"https:\/\/formations-qitao.fr\/#\/schema\/logo\/image\/"}}]}},"_links":{"self":[{"href":"https:\/\/formations-qitao.fr\/index.php?rest_route=\/wp\/v2\/pages\/1192","targetHints":{"allow":["GET"]}}],"collection":[{"href":"https:\/\/formations-qitao.fr\/index.php?rest_route=\/wp\/v2\/pages"}],"about":[{"href":"https:\/\/formations-qitao.fr\/index.php?rest_route=\/wp\/v2\/types\/page"}],"author":[{"embeddable":true,"href":"https:\/\/formations-qitao.fr\/index.php?rest_route=\/wp\/v2\/users\/1"}],"replies":[{"embeddable":true,"href":"https:\/\/formations-qitao.fr\/index.php?rest_route=%2Fwp%2Fv2%2Fcomments&post=1192"}],"version-history":[{"count":8,"href":"https:\/\/formations-qitao.fr\/index.php?rest_route=\/wp\/v2\/pages\/1192\/revisions"}],"predecessor-version":[{"id":1201,"href":"https:\/\/formations-qitao.fr\/index.php?rest_route=\/wp\/v2\/pages\/1192\/revisions\/1201"}],"wp:attachment":[{"href":"https:\/\/formations-qitao.fr\/index.php?rest_route=%2Fwp%2Fv2%2Fmedia&parent=1192"}],"curies":[{"name":"wp","href":"https:\/\/api.w.org\/{rel}","templated":true}]}}