{"id":1202,"date":"2025-11-29T14:25:37","date_gmt":"2025-11-29T13:25:37","guid":{"rendered":"https:\/\/qitao.fr\/?page_id=1202"},"modified":"2026-03-04T04:51:40","modified_gmt":"2026-03-04T03:51:40","slug":"agenda","status":"publish","type":"page","link":"https:\/\/formations-qitao.fr\/?page_id=1202","title":{"rendered":"Agenda"},"content":{"rendered":"<p>Les formations que nous proposons sont disponibles tout au long de l&rsquo;ann\u00e9e :<\/p>\n<ul>\n<li>soit de <em>mani\u00e8re r\u00e9currente et d\u00e9j\u00e0 planifi\u00e9e, <\/em><\/li>\n<li>soit <em>\u00e0 la demande pour r\u00e9pondre au mieux aux attentes des apprenants en terme de disponibilit\u00e9.<\/em><\/li>\n<\/ul>\n<p>Les sessions en visio zoom sont r\u00e9alis\u00e9es en direct live, la pr\u00e9sentation \u00e9tant personnalis\u00e9e et adpat\u00e9e aux niveaux des stagiaires, pas de replay.<\/p>\n<table style=\"border-collapse: collapse; width: 100%; height: 240px;\">\n<tbody>\n<tr style=\"height: 29px; background-color: #2664eb;\">\n<td style=\"width: 27.8988%; height: 29px;\"><strong><span style=\"color: #ffffff;\">Formation<\/span><\/strong><\/td>\n<td style=\"width: 22.7933%; height: 29px;\"><strong><span style=\"color: #ffffff;\">D\u00e9roulement<\/span><\/strong><\/td>\n<td style=\"width: 10.211%; height: 29px;\"><strong><span style=\"color: #ffffff;\">type<\/span><\/strong><\/td>\n<td style=\"width: 12.6504%; height: 29px;\"><strong><span style=\"color: #ffffff;\">quand ?<\/span><\/strong><\/td>\n<\/tr>\n<tr style=\"height: 119px;\">\n<td style=\"width: 27.8988%; height: 119px;\"><strong>R\u00e9flexologie auriculaire niveau 1<\/strong><\/td>\n<td style=\"width: 22.7933%; height: 119px;\"><strong>2 jours :<\/strong><br \/>\n<span style=\"text-decoration: underline;\"><em>Jour 1<\/em><\/span> : th\u00e9orie Visio zoom<br \/>\n<span style=\"text-decoration: underline;\"><em>Jour 2<\/em> <\/span>: pratique en pr\u00e9sentiel Valence (26)<br \/>\n&gt;&gt;&gt; possible d&rsquo;organiser autre ville sous conditions<\/td>\n<td style=\"width: 10.211%; height: 119px;\">r\u00e9currente et planifi\u00e9e<\/td>\n<td style=\"width: 12.6504%; height: 119px;\"><em><strong>1 fois \/ mois :<\/strong><\/em><br \/>\n<span style=\"text-decoration: underline;\">pratique<\/span> : 1er dimanche de chaque mois<br \/>\n<span style=\"text-decoration: underline;\">visio zoom<\/span> = le lundi qui pr\u00e9c\u00e8de<br \/>\n&#8211;<br \/>\n<a href=\"https:\/\/qitao.fr\/planning_formation_semestre1_2026.pdf\">planning semestre 1 2026<\/a><\/td>\n<\/tr>\n<tr style=\"height: 23px;\">\n<td style=\"width: 27.8988%; height: 23px;\"><strong>R\u00e9flexologie auriculaire niveau 2 &#8211; initiation M\u00e9decine chinoise<\/strong><\/td>\n<td style=\"width: 22.7933%; height: 23px;\"><strong>en visio<\/strong>, 3 ou 4 sessions de 3h ou 4h<\/td>\n<td style=\"width: 10.211%; height: 23px;\">\u00e0 la demande tout au long de l&rsquo;ann\u00e9e<\/td>\n<td style=\"width: 12.6504%; height: 23px;\">en semaine ou le week-end<\/td>\n<\/tr>\n<tr style=\"height: 23px;\">\n<td style=\"width: 27.8988%; height: 23px;\"><strong>R\u00e9flexologie Auriculaire perfectionnement\u00a0<\/strong><\/td>\n<td style=\"width: 22.7933%; height: 23px;\"><strong>1 jour pr\u00e9sentie<\/strong>l ; possible tout en distanciel en fonction du niveau<\/td>\n<td style=\"width: 10.211%; height: 23px;\">\u00e0 la demande tout au long de l&rsquo;ann\u00e9e<\/td>\n<td style=\"width: 12.6504%; height: 23px;\">en semaine ou le week-end<\/td>\n<\/tr>\n<tr style=\"height: 23px;\">\n<td style=\"width: 27.8988%; height: 23px;\"><strong>R\u00e9flexologie Auriculaire &#8211; m\u00e9thode BFA<\/strong><\/td>\n<td style=\"width: 22.7933%; height: 23px;\"><strong>1 jour pr\u00e9sentiel<\/strong> ; possible tout en distanciel en fonction du niveau<\/td>\n<td style=\"width: 10.211%; height: 23px;\">\u00e0 la demande tout au long de l&rsquo;ann\u00e9e<\/td>\n<td style=\"width: 12.6504%; height: 23px;\">en semaine ou le week-end<\/td>\n<\/tr>\n<tr style=\"height: 23px;\">\n<td style=\"width: 27.8988%; height: 23px;\"><strong>R\u00e9flexologie plantaire<\/strong><\/td>\n<td style=\"width: 22.7933%; height: 23px;\">\u00a0<strong>2 jours :<\/strong><br \/>\n<span style=\"text-decoration: underline;\"><em>Jour 1<\/em> <\/span>: th\u00e9orie Visio zoom<br \/>\n<span style=\"text-decoration: underline;\"><em>Jour 2<\/em><\/span> : pratique en pr\u00e9sentiel Valence (26)<br \/>\n&gt;&gt;&gt; possible d&rsquo;organiser autre ville sous conditions<\/td>\n<td style=\"width: 10.211%; height: 23px;\">\u00e0 la demande tout au long de l&rsquo;ann\u00e9e<\/td>\n<td style=\"width: 12.6504%; height: 23px;\">en semaine ou le week-end<\/td>\n<\/tr>\n<tr>\n<td style=\"width: 27.8988%;\"><strong>Aculift &#8211; \u00e9lectrostimulation\/laser<\/strong><\/td>\n<td style=\"width: 22.7933%;\"><strong>\u00a02 jours<\/strong> :<br \/>\n<span style=\"text-decoration: underline;\"><em>Jour 1<\/em><\/span> : th\u00e9orie Visio zoom<br \/>\n<span style=\"text-decoration: underline;\"><em>Jour 2<\/em><\/span> : pratique en pr\u00e9sentiel Valence (26)<br \/>\n&gt;&gt;&gt; possible d&rsquo;organiser autre ville sous conditions<\/td>\n<td style=\"width: 10.211%;\">\u00e0 la demande tout au long de l&rsquo;ann\u00e9e<\/td>\n<td style=\"width: 12.6504%;\">en semaine ou le week-end<\/td>\n<\/tr>\n<\/tbody>\n<\/table>\n<p>&nbsp;<\/p>\n<p>&nbsp;<\/p>\n<p>&nbsp;<\/p>\n<p>&nbsp;<\/p>\n","protected":false},"excerpt":{"rendered":"<p>Les formations que nous proposons sont disponibles tout au long de l&rsquo;ann\u00e9e : soit de mani\u00e8re r\u00e9currente et d\u00e9j\u00e0 planifi\u00e9e, soit \u00e0 la demande pour r\u00e9pondre au mieux aux attentes des apprenants en terme de disponibilit\u00e9. Les sessions en visio zoom sont r\u00e9alis\u00e9es en direct live, la pr\u00e9sentation \u00e9tant personnalis\u00e9e et adpat\u00e9e aux niveaux des [&hellip;]<\/p>\n","protected":false},"author":1,"featured_media":0,"parent":0,"menu_order":0,"comment_status":"closed","ping_status":"closed","template":"","meta":{"footnotes":""},"class_list":["post-1202","page","type-page","status-publish","hentry","post"],"yoast_head":"<!-- This site is optimized with the Yoast SEO plugin v27.4 - https:\/\/yoast.com\/product\/yoast-seo-wordpress\/ -->\n<title>Agenda - Qi Tao<\/title>\n<meta name=\"robots\" content=\"index, follow, max-snippet:-1, max-image-preview:large, max-video-preview:-1\" \/>\n<link rel=\"canonical\" href=\"https:\/\/formations-qitao.fr\/?page_id=1202\" \/>\n<meta property=\"og:locale\" content=\"fr_FR\" \/>\n<meta property=\"og:type\" content=\"article\" \/>\n<meta property=\"og:title\" content=\"Agenda - Qi Tao\" \/>\n<meta property=\"og:description\" content=\"Les formations que nous proposons sont disponibles tout au long de l&rsquo;ann\u00e9e : soit de mani\u00e8re r\u00e9currente et d\u00e9j\u00e0 planifi\u00e9e, soit \u00e0 la demande pour r\u00e9pondre au mieux aux attentes des apprenants en terme de disponibilit\u00e9. Les sessions en visio zoom sont r\u00e9alis\u00e9es en direct live, la pr\u00e9sentation \u00e9tant personnalis\u00e9e et adpat\u00e9e aux niveaux des [&hellip;]\" \/>\n<meta property=\"og:url\" content=\"https:\/\/formations-qitao.fr\/?page_id=1202\" \/>\n<meta property=\"og:site_name\" content=\"Qi Tao\" \/>\n<meta property=\"article:modified_time\" content=\"2026-03-04T03:51:40+00:00\" \/>\n<meta name=\"twitter:card\" content=\"summary_large_image\" \/>\n<meta name=\"twitter:label1\" content=\"Dur\u00e9e de lecture estim\u00e9e\" \/>\n\t<meta name=\"twitter:data1\" content=\"2 minutes\" \/>\n<script type=\"application\/ld+json\" class=\"yoast-schema-graph\">{\"@context\":\"https:\\\/\\\/schema.org\",\"@graph\":[{\"@type\":\"WebPage\",\"@id\":\"https:\\\/\\\/formations-qitao.fr\\\/?page_id=1202\",\"url\":\"https:\\\/\\\/formations-qitao.fr\\\/?page_id=1202\",\"name\":\"Agenda - Qi Tao\",\"isPartOf\":{\"@id\":\"https:\\\/\\\/formations-qitao.fr\\\/#website\"},\"datePublished\":\"2025-11-29T13:25:37+00:00\",\"dateModified\":\"2026-03-04T03:51:40+00:00\",\"breadcrumb\":{\"@id\":\"https:\\\/\\\/formations-qitao.fr\\\/?page_id=1202#breadcrumb\"},\"inLanguage\":\"fr-FR\",\"potentialAction\":[{\"@type\":\"ReadAction\",\"target\":[\"https:\\\/\\\/formations-qitao.fr\\\/?page_id=1202\"]}]},{\"@type\":\"BreadcrumbList\",\"@id\":\"https:\\\/\\\/formations-qitao.fr\\\/?page_id=1202#breadcrumb\",\"itemListElement\":[{\"@type\":\"ListItem\",\"position\":1,\"name\":\"Accueil\",\"item\":\"https:\\\/\\\/formations-qitao.fr\\\/\"},{\"@type\":\"ListItem\",\"position\":2,\"name\":\"Agenda\"}]},{\"@type\":\"WebSite\",\"@id\":\"https:\\\/\\\/formations-qitao.fr\\\/#website\",\"url\":\"https:\\\/\\\/formations-qitao.fr\\\/\",\"name\":\"Qi Tao\",\"description\":\"La voie de l&#039;\u00e9quilibre\",\"publisher\":{\"@id\":\"https:\\\/\\\/formations-qitao.fr\\\/#organization\"},\"potentialAction\":[{\"@type\":\"SearchAction\",\"target\":{\"@type\":\"EntryPoint\",\"urlTemplate\":\"https:\\\/\\\/formations-qitao.fr\\\/?s={search_term_string}\"},\"query-input\":{\"@type\":\"PropertyValueSpecification\",\"valueRequired\":true,\"valueName\":\"search_term_string\"}}],\"inLanguage\":\"fr-FR\"},{\"@type\":\"Organization\",\"@id\":\"https:\\\/\\\/formations-qitao.fr\\\/#organization\",\"name\":\"Qi Tao\",\"url\":\"https:\\\/\\\/formations-qitao.fr\\\/\",\"logo\":{\"@type\":\"ImageObject\",\"inLanguage\":\"fr-FR\",\"@id\":\"https:\\\/\\\/formations-qitao.fr\\\/#\\\/schema\\\/logo\\\/image\\\/\",\"url\":\"https:\\\/\\\/formations-qitao.fr\\\/wp-content\\\/uploads\\\/2021\\\/02\\\/cropped-cropped-logo_qitao_2-1.jpg\",\"contentUrl\":\"https:\\\/\\\/formations-qitao.fr\\\/wp-content\\\/uploads\\\/2021\\\/02\\\/cropped-cropped-logo_qitao_2-1.jpg\",\"width\":200,\"height\":80,\"caption\":\"Qi Tao\"},\"image\":{\"@id\":\"https:\\\/\\\/formations-qitao.fr\\\/#\\\/schema\\\/logo\\\/image\\\/\"}}]}<\/script>\n<!-- \/ Yoast SEO plugin. -->","yoast_head_json":{"title":"Agenda - Qi Tao","robots":{"index":"index","follow":"follow","max-snippet":"max-snippet:-1","max-image-preview":"max-image-preview:large","max-video-preview":"max-video-preview:-1"},"canonical":"https:\/\/formations-qitao.fr\/?page_id=1202","og_locale":"fr_FR","og_type":"article","og_title":"Agenda - Qi Tao","og_description":"Les formations que nous proposons sont disponibles tout au long de l&rsquo;ann\u00e9e : soit de mani\u00e8re r\u00e9currente et d\u00e9j\u00e0 planifi\u00e9e, soit \u00e0 la demande pour r\u00e9pondre au mieux aux attentes des apprenants en terme de disponibilit\u00e9. Les sessions en visio zoom sont r\u00e9alis\u00e9es en direct live, la pr\u00e9sentation \u00e9tant personnalis\u00e9e et adpat\u00e9e aux niveaux des [&hellip;]","og_url":"https:\/\/formations-qitao.fr\/?page_id=1202","og_site_name":"Qi Tao","article_modified_time":"2026-03-04T03:51:40+00:00","twitter_card":"summary_large_image","twitter_misc":{"Dur\u00e9e de lecture estim\u00e9e":"2 minutes"},"schema":{"@context":"https:\/\/schema.org","@graph":[{"@type":"WebPage","@id":"https:\/\/formations-qitao.fr\/?page_id=1202","url":"https:\/\/formations-qitao.fr\/?page_id=1202","name":"Agenda - Qi Tao","isPartOf":{"@id":"https:\/\/formations-qitao.fr\/#website"},"datePublished":"2025-11-29T13:25:37+00:00","dateModified":"2026-03-04T03:51:40+00:00","breadcrumb":{"@id":"https:\/\/formations-qitao.fr\/?page_id=1202#breadcrumb"},"inLanguage":"fr-FR","potentialAction":[{"@type":"ReadAction","target":["https:\/\/formations-qitao.fr\/?page_id=1202"]}]},{"@type":"BreadcrumbList","@id":"https:\/\/formations-qitao.fr\/?page_id=1202#breadcrumb","itemListElement":[{"@type":"ListItem","position":1,"name":"Accueil","item":"https:\/\/formations-qitao.fr\/"},{"@type":"ListItem","position":2,"name":"Agenda"}]},{"@type":"WebSite","@id":"https:\/\/formations-qitao.fr\/#website","url":"https:\/\/formations-qitao.fr\/","name":"Qi Tao","description":"La voie de l&#039;\u00e9quilibre","publisher":{"@id":"https:\/\/formations-qitao.fr\/#organization"},"potentialAction":[{"@type":"SearchAction","target":{"@type":"EntryPoint","urlTemplate":"https:\/\/formations-qitao.fr\/?s={search_term_string}"},"query-input":{"@type":"PropertyValueSpecification","valueRequired":true,"valueName":"search_term_string"}}],"inLanguage":"fr-FR"},{"@type":"Organization","@id":"https:\/\/formations-qitao.fr\/#organization","name":"Qi Tao","url":"https:\/\/formations-qitao.fr\/","logo":{"@type":"ImageObject","inLanguage":"fr-FR","@id":"https:\/\/formations-qitao.fr\/#\/schema\/logo\/image\/","url":"https:\/\/formations-qitao.fr\/wp-content\/uploads\/2021\/02\/cropped-cropped-logo_qitao_2-1.jpg","contentUrl":"https:\/\/formations-qitao.fr\/wp-content\/uploads\/2021\/02\/cropped-cropped-logo_qitao_2-1.jpg","width":200,"height":80,"caption":"Qi Tao"},"image":{"@id":"https:\/\/formations-qitao.fr\/#\/schema\/logo\/image\/"}}]}},"_links":{"self":[{"href":"https:\/\/formations-qitao.fr\/index.php?rest_route=\/wp\/v2\/pages\/1202","targetHints":{"allow":["GET"]}}],"collection":[{"href":"https:\/\/formations-qitao.fr\/index.php?rest_route=\/wp\/v2\/pages"}],"about":[{"href":"https:\/\/formations-qitao.fr\/index.php?rest_route=\/wp\/v2\/types\/page"}],"author":[{"embeddable":true,"href":"https:\/\/formations-qitao.fr\/index.php?rest_route=\/wp\/v2\/users\/1"}],"replies":[{"embeddable":true,"href":"https:\/\/formations-qitao.fr\/index.php?rest_route=%2Fwp%2Fv2%2Fcomments&post=1202"}],"version-history":[{"count":18,"href":"https:\/\/formations-qitao.fr\/index.php?rest_route=\/wp\/v2\/pages\/1202\/revisions"}],"predecessor-version":[{"id":1247,"href":"https:\/\/formations-qitao.fr\/index.php?rest_route=\/wp\/v2\/pages\/1202\/revisions\/1247"}],"wp:attachment":[{"href":"https:\/\/formations-qitao.fr\/index.php?rest_route=%2Fwp%2Fv2%2Fmedia&parent=1202"}],"curies":[{"name":"wp","href":"https:\/\/api.w.org\/{rel}","templated":true}]}}