{"id":45,"date":"2021-02-01T14:04:02","date_gmt":"2021-02-01T13:04:02","guid":{"rendered":"http:\/\/qitao.fr\/?page_id=45"},"modified":"2026-03-27T16:52:12","modified_gmt":"2026-03-27T15:52:12","slug":"bienvenue","status":"publish","type":"page","link":"https:\/\/formations-qitao.fr\/","title":{"rendered":"Bienvenue dans notre centre de formation"},"content":{"rendered":"\r\n<div class=\"wp-block-columns is-layout-flex wp-container-core-columns-is-layout-9d6595d7 wp-block-columns-is-layout-flex\">\r\n<div class=\"wp-block-column is-layout-flow wp-block-column-is-layout-flow\" style=\"flex-basis: 100%;\">\r\n<div class=\"wp-block-group\"><div class=\"wp-block-group__inner-container is-layout-flow wp-block-group-is-layout-flow\">\r\n<div class=\"wp-block-columns is-layout-flex wp-container-core-columns-is-layout-9d6595d7 wp-block-columns-is-layout-flex\">\r\n<div class=\"wp-block-column is-layout-flow wp-block-column-is-layout-flow\" style=\"flex-basis: 100%;\">\r\n<div class=\"wp-block-group\"><div class=\"wp-block-group__inner-container is-layout-flow wp-block-group-is-layout-flow\"><div\n\t\t\t\n\t\t\tclass=\"so-widget-sow-slider so-widget-sow-slider-default-d7faeb2bd9c4\"\n\t\t\t\n\t\t>\t\t\t\t<div class=\"sow-slider-base\" style=\"display: none\" tabindex=\"0\">\n\t\t\t\t\t<ul\n\t\t\t\t\tclass=\"sow-slider-images\"\n\t\t\t\t\tdata-settings=\"{&quot;pagination&quot;:true,&quot;speed&quot;:800,&quot;timeout&quot;:8000,&quot;paused&quot;:false,&quot;pause_on_hover&quot;:false,&quot;swipe&quot;:true,&quot;nav_always_show_desktop&quot;:&quot;&quot;,&quot;nav_always_show_mobile&quot;:&quot;&quot;,&quot;breakpoint&quot;:&quot;780px&quot;,&quot;unmute&quot;:false,&quot;anchor&quot;:null}\"\n\t\t\t\t\t\t\t\t\t\tdata-anchor-id=\"\"\n\t\t\t\t>\t\t<li class=\"sow-slider-image\" style=\"visibility: visible;\" >\n\t\t\t\t\t\t<img loading=\"lazy\" decoding=\"async\" width=\"848\" height=\"242\" src=\"https:\/\/formations-qitao.fr\/wp-content\/uploads\/2022\/03\/image_mtc-1.png\" class=\"sow-slider-background-image\" alt=\"\" style=\"height: 200px; width: auto; margin: 0 auto;\" srcset=\"https:\/\/formations-qitao.fr\/wp-content\/uploads\/2022\/03\/image_mtc-1.png 848w, https:\/\/formations-qitao.fr\/wp-content\/uploads\/2022\/03\/image_mtc-1-300x86.png 300w, https:\/\/formations-qitao.fr\/wp-content\/uploads\/2022\/03\/image_mtc-1-600x171.png 600w, https:\/\/formations-qitao.fr\/wp-content\/uploads\/2022\/03\/image_mtc-1-768x219.png 768w\" sizes=\"auto, (max-width: 848px) 100vw, 848px\" \/>\t\t<\/li>\n\t\t\t\t<li class=\"sow-slider-image\" style=\"visibility: hidden;\" >\n\t\t\t\t\t\t<img loading=\"lazy\" decoding=\"async\" width=\"324\" height=\"200\" src=\"https:\/\/formations-qitao.fr\/wp-content\/uploads\/2022\/03\/tai-chi_modifie_324-200.jpg\" class=\"sow-slider-background-image\" alt=\"\" style=\"height: 200px; width: auto; margin: 0 auto;\" srcset=\"https:\/\/formations-qitao.fr\/wp-content\/uploads\/2022\/03\/tai-chi_modifie_324-200.jpg 324w, https:\/\/formations-qitao.fr\/wp-content\/uploads\/2022\/03\/tai-chi_modifie_324-200-300x185.jpg 300w\" sizes=\"auto, (max-width: 324px) 100vw, 324px\" \/>\t\t<\/li>\n\t\t\t\t<li class=\"sow-slider-image\" style=\"visibility: hidden;\" >\n\t\t\t\t\t\t<img loading=\"lazy\" decoding=\"async\" width=\"960\" height=\"720\" src=\"https:\/\/formations-qitao.fr\/wp-content\/uploads\/2023\/04\/Cours_Auriculotherapie_V2-1.jpg\" class=\"sow-slider-background-image\" alt=\"\" style=\"height: 200px; width: auto; margin: 0 auto;\" srcset=\"https:\/\/formations-qitao.fr\/wp-content\/uploads\/2023\/04\/Cours_Auriculotherapie_V2-1.jpg 960w, https:\/\/formations-qitao.fr\/wp-content\/uploads\/2023\/04\/Cours_Auriculotherapie_V2-1-300x225.jpg 300w, https:\/\/formations-qitao.fr\/wp-content\/uploads\/2023\/04\/Cours_Auriculotherapie_V2-1-600x450.jpg 600w, https:\/\/formations-qitao.fr\/wp-content\/uploads\/2023\/04\/Cours_Auriculotherapie_V2-1-768x576.jpg 768w\" sizes=\"auto, (max-width: 960px) 100vw, 960px\" \/>\t\t<\/li>\n\t\t\t\t<li class=\"sow-slider-image\" style=\"visibility: hidden;\" >\n\t\t\t\t\t\t<img loading=\"lazy\" decoding=\"async\" width=\"297\" height=\"220\" src=\"https:\/\/formations-qitao.fr\/wp-content\/uploads\/2022\/03\/taichi2.jpg\" class=\"sow-slider-background-image\" alt=\"\" style=\"height: 200px; width: auto; margin: 0 auto;\" \/>\t\t<\/li>\n\t\t\t\t<li class=\"sow-slider-image\" style=\"visibility: hidden;\" >\n\t\t\t\t\t\t<img loading=\"lazy\" decoding=\"async\" width=\"960\" height=\"720\" src=\"https:\/\/formations-qitao.fr\/wp-content\/uploads\/2022\/03\/Initiation-MTC.jpg\" class=\"sow-slider-background-image\" alt=\"\" style=\"height: 200px; width: auto; margin: 0 auto;\" srcset=\"https:\/\/formations-qitao.fr\/wp-content\/uploads\/2022\/03\/Initiation-MTC.jpg 960w, https:\/\/formations-qitao.fr\/wp-content\/uploads\/2022\/03\/Initiation-MTC-300x225.jpg 300w, https:\/\/formations-qitao.fr\/wp-content\/uploads\/2022\/03\/Initiation-MTC-600x450.jpg 600w, https:\/\/formations-qitao.fr\/wp-content\/uploads\/2022\/03\/Initiation-MTC-768x576.jpg 768w\" sizes=\"auto, (max-width: 960px) 100vw, 960px\" \/>\t\t<\/li>\n\t\t\t\t<li class=\"sow-slider-image\" style=\"visibility: hidden;\" >\n\t\t\t\t\t\t<img loading=\"lazy\" decoding=\"async\" width=\"330\" height=\"220\" src=\"https:\/\/formations-qitao.fr\/wp-content\/uploads\/2022\/03\/taichi5_330_220.jpg\" class=\"sow-slider-background-image\" alt=\"\" style=\"height: 200px; width: auto; margin: 0 auto;\" srcset=\"https:\/\/formations-qitao.fr\/wp-content\/uploads\/2022\/03\/taichi5_330_220.jpg 330w, https:\/\/formations-qitao.fr\/wp-content\/uploads\/2022\/03\/taichi5_330_220-300x200.jpg 300w, https:\/\/formations-qitao.fr\/wp-content\/uploads\/2022\/03\/taichi5_330_220-272x182.jpg 272w\" sizes=\"auto, (max-width: 330px) 100vw, 330px\" \/>\t\t<\/li>\n\t\t\t\t<li class=\"sow-slider-image\" style=\"visibility: hidden;\" >\n\t\t\t\t\t\t<img loading=\"lazy\" decoding=\"async\" width=\"274\" height=\"184\" src=\"https:\/\/formations-qitao.fr\/wp-content\/uploads\/2022\/03\/taichi1.jpg\" class=\"sow-slider-background-image\" alt=\"\" style=\"height: 200px; width: auto; margin: 0 auto;\" srcset=\"https:\/\/formations-qitao.fr\/wp-content\/uploads\/2022\/03\/taichi1.jpg 274w, https:\/\/formations-qitao.fr\/wp-content\/uploads\/2022\/03\/taichi1-272x182.jpg 272w\" sizes=\"auto, (max-width: 274px) 100vw, 274px\" \/>\t\t<\/li>\n\t\t\t\t<li class=\"sow-slider-image\" style=\"visibility: hidden;\" >\n\t\t\t\t\t\t<img loading=\"lazy\" decoding=\"async\" width=\"960\" height=\"720\" src=\"https:\/\/formations-qitao.fr\/wp-content\/uploads\/2022\/03\/formation_guasha.jpg\" class=\"sow-slider-background-image\" alt=\"\" style=\"height: 200px; width: auto; margin: 0 auto;\" srcset=\"https:\/\/formations-qitao.fr\/wp-content\/uploads\/2022\/03\/formation_guasha.jpg 960w, https:\/\/formations-qitao.fr\/wp-content\/uploads\/2022\/03\/formation_guasha-300x225.jpg 300w, https:\/\/formations-qitao.fr\/wp-content\/uploads\/2022\/03\/formation_guasha-600x450.jpg 600w, https:\/\/formations-qitao.fr\/wp-content\/uploads\/2022\/03\/formation_guasha-768x576.jpg 768w\" sizes=\"auto, (max-width: 960px) 100vw, 960px\" \/>\t\t<\/li>\n\t\t\t\t<li class=\"sow-slider-image\" style=\"visibility: hidden;\" >\n\t\t\t\t\t\t<img loading=\"lazy\" decoding=\"async\" width=\"800\" height=\"600\" src=\"https:\/\/formations-qitao.fr\/wp-content\/uploads\/2022\/03\/taichi4.jpg\" class=\"sow-slider-background-image\" alt=\"\" style=\"height: 200px; width: auto; margin: 0 auto;\" srcset=\"https:\/\/formations-qitao.fr\/wp-content\/uploads\/2022\/03\/taichi4.jpg 800w, https:\/\/formations-qitao.fr\/wp-content\/uploads\/2022\/03\/taichi4-300x225.jpg 300w, https:\/\/formations-qitao.fr\/wp-content\/uploads\/2022\/03\/taichi4-600x450.jpg 600w, https:\/\/formations-qitao.fr\/wp-content\/uploads\/2022\/03\/taichi4-768x576.jpg 768w\" sizes=\"auto, (max-width: 800px) 100vw, 800px\" \/>\t\t<\/li>\n\t\t\t\t<li class=\"sow-slider-image\" style=\"visibility: hidden;\" >\n\t\t\t\t\t\t<img loading=\"lazy\" decoding=\"async\" width=\"960\" height=\"720\" src=\"https:\/\/formations-qitao.fr\/wp-content\/uploads\/2022\/03\/formation_moxibustion.jpg\" class=\"sow-slider-background-image\" alt=\"\" style=\"height: 200px; width: auto; margin: 0 auto;\" srcset=\"https:\/\/formations-qitao.fr\/wp-content\/uploads\/2022\/03\/formation_moxibustion.jpg 960w, https:\/\/formations-qitao.fr\/wp-content\/uploads\/2022\/03\/formation_moxibustion-300x225.jpg 300w, https:\/\/formations-qitao.fr\/wp-content\/uploads\/2022\/03\/formation_moxibustion-600x450.jpg 600w, https:\/\/formations-qitao.fr\/wp-content\/uploads\/2022\/03\/formation_moxibustion-768x576.jpg 768w\" sizes=\"auto, (max-width: 960px) 100vw, 960px\" \/>\t\t<\/li>\n\t\t\t\t<li class=\"sow-slider-image\" style=\"visibility: hidden;\" >\n\t\t\t\t\t\t<img loading=\"lazy\" decoding=\"async\" width=\"960\" height=\"720\" src=\"https:\/\/formations-qitao.fr\/wp-content\/uploads\/2022\/03\/Formation-Acu-lift.jpg\" class=\"sow-slider-background-image\" alt=\"\" style=\"height: 200px; width: auto; margin: 0 auto;\" srcset=\"https:\/\/formations-qitao.fr\/wp-content\/uploads\/2022\/03\/Formation-Acu-lift.jpg 960w, https:\/\/formations-qitao.fr\/wp-content\/uploads\/2022\/03\/Formation-Acu-lift-300x225.jpg 300w, https:\/\/formations-qitao.fr\/wp-content\/uploads\/2022\/03\/Formation-Acu-lift-600x450.jpg 600w, https:\/\/formations-qitao.fr\/wp-content\/uploads\/2022\/03\/Formation-Acu-lift-768x576.jpg 768w\" sizes=\"auto, (max-width: 960px) 100vw, 960px\" \/>\t\t<\/li>\n\t\t\t\t<li class=\"sow-slider-image\" style=\"visibility: hidden;\" >\n\t\t\t\t\t\t<img loading=\"lazy\" decoding=\"async\" width=\"351\" height=\"220\" src=\"https:\/\/formations-qitao.fr\/wp-content\/uploads\/2022\/03\/zen_351-220.jpg\" class=\"sow-slider-background-image\" alt=\"\" style=\"height: 200px; width: auto; margin: 0 auto;\" srcset=\"https:\/\/formations-qitao.fr\/wp-content\/uploads\/2022\/03\/zen_351-220.jpg 351w, https:\/\/formations-qitao.fr\/wp-content\/uploads\/2022\/03\/zen_351-220-300x188.jpg 300w\" sizes=\"auto, (max-width: 351px) 100vw, 351px\" \/>\t\t<\/li>\n\t\t\t\t<li class=\"sow-slider-image\" style=\"visibility: hidden;\" >\n\t\t\t\t\t\t<img loading=\"lazy\" decoding=\"async\" width=\"960\" height=\"720\" src=\"https:\/\/formations-qitao.fr\/wp-content\/uploads\/2022\/03\/Formation_reflexologie_plantaire.jpg\" class=\"sow-slider-background-image\" alt=\"\" style=\"height: 200px; width: auto; margin: 0 auto;\" srcset=\"https:\/\/formations-qitao.fr\/wp-content\/uploads\/2022\/03\/Formation_reflexologie_plantaire.jpg 960w, https:\/\/formations-qitao.fr\/wp-content\/uploads\/2022\/03\/Formation_reflexologie_plantaire-300x225.jpg 300w, https:\/\/formations-qitao.fr\/wp-content\/uploads\/2022\/03\/Formation_reflexologie_plantaire-600x450.jpg 600w, https:\/\/formations-qitao.fr\/wp-content\/uploads\/2022\/03\/Formation_reflexologie_plantaire-768x576.jpg 768w\" sizes=\"auto, (max-width: 960px) 100vw, 960px\" \/>\t\t<\/li>\n\t\t\t\t<li class=\"sow-slider-image\" style=\"visibility: hidden;\" >\n\t\t\t\t\t\t<img loading=\"lazy\" decoding=\"async\" width=\"960\" height=\"720\" src=\"https:\/\/formations-qitao.fr\/wp-content\/uploads\/2022\/03\/Cours_Auriculotherapie.jpg\" class=\"sow-slider-background-image\" alt=\"\" style=\"height: 200px; width: auto; margin: 0 auto;\" srcset=\"https:\/\/formations-qitao.fr\/wp-content\/uploads\/2022\/03\/Cours_Auriculotherapie.jpg 960w, https:\/\/formations-qitao.fr\/wp-content\/uploads\/2022\/03\/Cours_Auriculotherapie-300x225.jpg 300w, https:\/\/formations-qitao.fr\/wp-content\/uploads\/2022\/03\/Cours_Auriculotherapie-600x450.jpg 600w, https:\/\/formations-qitao.fr\/wp-content\/uploads\/2022\/03\/Cours_Auriculotherapie-768x576.jpg 768w\" sizes=\"auto, (max-width: 960px) 100vw, 960px\" \/>\t\t<\/li>\n\t\t\t\t<li class=\"sow-slider-image\" style=\"visibility: hidden;\" >\n\t\t\t\t\t\t<img loading=\"lazy\" decoding=\"async\" width=\"960\" height=\"720\" src=\"https:\/\/formations-qitao.fr\/wp-content\/uploads\/2022\/03\/Cours_Auriculotherapie.jpg\" class=\"sow-slider-background-image\" alt=\"\" style=\"height: 200px; width: auto; margin: 0 auto;\" srcset=\"https:\/\/formations-qitao.fr\/wp-content\/uploads\/2022\/03\/Cours_Auriculotherapie.jpg 960w, https:\/\/formations-qitao.fr\/wp-content\/uploads\/2022\/03\/Cours_Auriculotherapie-300x225.jpg 300w, https:\/\/formations-qitao.fr\/wp-content\/uploads\/2022\/03\/Cours_Auriculotherapie-600x450.jpg 600w, https:\/\/formations-qitao.fr\/wp-content\/uploads\/2022\/03\/Cours_Auriculotherapie-768x576.jpg 768w\" sizes=\"auto, (max-width: 960px) 100vw, 960px\" \/>\t\t<\/li>\n\t\t\t\t<li class=\"sow-slider-image\" style=\"visibility: hidden;\" >\n\t\t\t\t\t\t<img loading=\"lazy\" decoding=\"async\" width=\"960\" height=\"720\" src=\"https:\/\/formations-qitao.fr\/wp-content\/uploads\/2022\/03\/Cours_Auriculotherapie.jpg\" class=\"sow-slider-background-image\" alt=\"\" style=\"height: 200px; width: auto; margin: 0 auto;\" srcset=\"https:\/\/formations-qitao.fr\/wp-content\/uploads\/2022\/03\/Cours_Auriculotherapie.jpg 960w, https:\/\/formations-qitao.fr\/wp-content\/uploads\/2022\/03\/Cours_Auriculotherapie-300x225.jpg 300w, https:\/\/formations-qitao.fr\/wp-content\/uploads\/2022\/03\/Cours_Auriculotherapie-600x450.jpg 600w, https:\/\/formations-qitao.fr\/wp-content\/uploads\/2022\/03\/Cours_Auriculotherapie-768x576.jpg 768w\" sizes=\"auto, (max-width: 960px) 100vw, 960px\" \/>\t\t<\/li>\n\t\t<\/ul>\t\t\t\t<ol class=\"sow-slider-pagination\">\n\t\t\t\t\t\t\t\t\t\t\t<li><a href=\"#\" data-goto=\"0\" aria-label=\"Display slide 1\"><\/a><\/li>\n\t\t\t\t\t\t\t\t\t\t\t<li><a href=\"#\" data-goto=\"1\" aria-label=\"Display slide 2\"><\/a><\/li>\n\t\t\t\t\t\t\t\t\t\t\t<li><a href=\"#\" data-goto=\"2\" aria-label=\"Display slide 3\"><\/a><\/li>\n\t\t\t\t\t\t\t\t\t\t\t<li><a href=\"#\" data-goto=\"3\" aria-label=\"Display slide 4\"><\/a><\/li>\n\t\t\t\t\t\t\t\t\t\t\t<li><a href=\"#\" data-goto=\"4\" aria-label=\"Display slide 5\"><\/a><\/li>\n\t\t\t\t\t\t\t\t\t\t\t<li><a href=\"#\" data-goto=\"5\" aria-label=\"Display slide 6\"><\/a><\/li>\n\t\t\t\t\t\t\t\t\t\t\t<li><a href=\"#\" data-goto=\"6\" aria-label=\"Display slide 7\"><\/a><\/li>\n\t\t\t\t\t\t\t\t\t\t\t<li><a href=\"#\" data-goto=\"7\" aria-label=\"Display slide 8\"><\/a><\/li>\n\t\t\t\t\t\t\t\t\t\t\t<li><a href=\"#\" data-goto=\"8\" aria-label=\"Display slide 9\"><\/a><\/li>\n\t\t\t\t\t\t\t\t\t\t\t<li><a href=\"#\" data-goto=\"9\" aria-label=\"Display slide 10\"><\/a><\/li>\n\t\t\t\t\t\t\t\t\t\t\t<li><a href=\"#\" data-goto=\"10\" aria-label=\"Display slide 11\"><\/a><\/li>\n\t\t\t\t\t\t\t\t\t\t\t<li><a href=\"#\" data-goto=\"11\" aria-label=\"Display slide 12\"><\/a><\/li>\n\t\t\t\t\t\t\t\t\t\t\t<li><a href=\"#\" data-goto=\"12\" aria-label=\"Display slide 13\"><\/a><\/li>\n\t\t\t\t\t\t\t\t\t\t\t<li><a href=\"#\" data-goto=\"13\" aria-label=\"Display slide 14\"><\/a><\/li>\n\t\t\t\t\t\t\t\t\t\t\t<li><a href=\"#\" data-goto=\"14\" aria-label=\"Display slide 15\"><\/a><\/li>\n\t\t\t\t\t\t\t\t\t\t\t<li><a href=\"#\" data-goto=\"15\" aria-label=\"Display slide 16\"><\/a><\/li>\n\t\t\t\t\t\t\t\t\t<\/ol>\n\n\t\t\t\t<div class=\"sow-slide-nav sow-slide-nav-next\">\n\t\t\t\t\t<a href=\"#\" data-goto=\"next\" aria-label=\"Next slide\" data-action=\"next\">\n\t\t\t\t\t\t<em class=\"sow-sld-icon-thin-right\"><\/em>\n\t\t\t\t\t<\/a>\n\t\t\t\t<\/div>\n\n\t\t\t\t<div class=\"sow-slide-nav sow-slide-nav-prev\">\n\t\t\t\t\t<a href=\"#\" data-goto=\"previous\" aria-label=\"Previous slide\" data-action=\"prev\">\n\t\t\t\t\t\t<em class=\"sow-sld-icon-thin-left\"><\/em>\n\t\t\t\t\t<\/a>\n\t\t\t\t<\/div>\n\t\t\t\t<\/div><\/div><\/div><\/div>\r\n<\/div>\r\n<\/div>\r\n<\/div><\/div>\r\n<\/div>\r\n<\/div>\r\n\r\n\r\n\r\n<p>La soci\u00e9t\u00e9 PS ASSETS MANAGEMENT\u00a0 est d\u00e9di\u00e9e au d\u00e9veloppement personnel par la pratique d&rsquo;activit\u00e9s corporelles contribuant \u00e0 l&rsquo;am\u00e9lioration du bien-\u00eatre, mais aussi, via l&rsquo;enseignement autour de la m\u00e9decine chinoise ou encore l&rsquo;organisation de voyages de groupe cl\u00e9 en mains, lesquels sont plac\u00e9s sous le signe de la d\u00e9couverte et du bien-\u00eatre.<\/p>\r\n\r\n\r\n\r\n<p>Les activit\u00e9s sont alors organis\u00e9es autour de 3 axes :<\/p>\r\n<div class=\"wp-block-columns alignfull has-text-color has-background\" style=\"color: #000000; background-color: #ffffff;\">\r\n\r\n\r\n<div class=\"wp-block-column is-layout-flow wp-block-column-is-layout-flow\">\r\n<h3 class=\"wp-block-heading\" style=\"font-size: 24px; line-height: 1.3;\"><a href=\"https:\/\/formations-qitao.fr\/?page_id=103\">Formations \u2197<\/a><\/h3>\r\n\r\n\r\n\r\n<p>Diff\u00e9rents modules de formations sont propos\u00e9s autour de la m\u00e9decine chinoise :<br \/><br \/>&gt;<strong> <em>pour d\u00e9butants\/tout public<\/em><\/strong> : l&rsquo;objectif est de d\u00e9couvrir les r\u00e8gles mill\u00e9naires de bon sens qui sont \u00e0 la base de la la M\u00e9decine Chinoise et dont on peut s&rsquo;inspirer pour vivre mieux et en meilleure sant\u00e9&#8230;<\/p>\r\n\r\n\r\n\r\n<p class=\"has-vivid-cyan-blue-color has-text-color\">modules disponibles : initiation m\u00e9decine chinoise, utilisation ventouses\/gua-sha\/moxibustion, r\u00e9flexologie plantaire<\/p>\r\n\r\n\r\n\r\n<p>&gt; <em><strong>pour professionnels des professions m\u00e9dicales et param\u00e9dicales ou en reconversion<\/strong><\/em> : l&rsquo;objectif est d&rsquo;apprendre \u00e0 ma\u00eetriser des outils simples \u00e0 mettre en oeuvre mais d&rsquo;une efficacit\u00e9 bien souvent imm\u00e9diate au service de vos consultants&#8230;<\/p>\r\n\r\n\r\n\r\n<p class=\"has-vivid-cyan-blue-color has-text-color\">modules disponibles : initiation m\u00e9decine chinoise, utilisation ventouses\/gua-sha\/moxibustion\/laser de bio-stimulation, r\u00e9flexologie plantaire, r\u00e9flexologie auriculaire niveau 1 et 2, lifting acupuncture-laser, r\u00e9flexologie plantaire<\/p>\r\n<\/div>\r\n\r\n\r\n\r\n<div class=\"wp-block-column is-layout-flow wp-block-column-is-layout-flow\"><\/div>\r\n<\/div>\r\n\r\n\r\n\r\n<h3 class=\"wp-block-heading\" style=\"font-size: 24px; line-height: 1.3;\"><a href=\"https:\/\/formations-qitao.fr\/?page_id=103\">Un environnement \u2197<\/a><\/h3>\r\n\r\n\r\n\r\n<p>&nbsp;<\/p>\r\n","protected":false},"excerpt":{"rendered":"<p>La soci\u00e9t\u00e9 PS ASSETS MANAGEMENT\u00a0 est d\u00e9di\u00e9e au d\u00e9veloppement personnel par la pratique d&rsquo;activit\u00e9s corporelles contribuant \u00e0 l&rsquo;am\u00e9lioration du bien-\u00eatre, mais aussi, via l&rsquo;enseignement autour de la m\u00e9decine chinoise ou encore l&rsquo;organisation de voyages de groupe cl\u00e9 en mains, lesquels sont plac\u00e9s sous le signe de la d\u00e9couverte et du bien-\u00eatre. Les activit\u00e9s sont alors [&hellip;]<\/p>\n","protected":false},"author":1,"featured_media":0,"parent":0,"menu_order":0,"comment_status":"closed","ping_status":"closed","template":"","meta":{"footnotes":""},"class_list":["post-45","page","type-page","status-publish","hentry","post"],"yoast_head":"<!-- This site is optimized with the Yoast SEO plugin v27.4 - https:\/\/yoast.com\/product\/yoast-seo-wordpress\/ -->\n<title>Bienvenue dans notre centre de formation - Qi Tao<\/title>\n<meta name=\"robots\" content=\"index, follow, max-snippet:-1, max-image-preview:large, max-video-preview:-1\" \/>\n<link rel=\"canonical\" href=\"https:\/\/formations-qitao.fr\/\" \/>\n<meta property=\"og:locale\" content=\"fr_FR\" \/>\n<meta property=\"og:type\" content=\"article\" \/>\n<meta property=\"og:title\" content=\"Bienvenue dans notre centre de formation - Qi Tao\" \/>\n<meta property=\"og:description\" content=\"La soci\u00e9t\u00e9 PS ASSETS MANAGEMENT\u00a0 est d\u00e9di\u00e9e au d\u00e9veloppement personnel par la pratique d&rsquo;activit\u00e9s corporelles contribuant \u00e0 l&rsquo;am\u00e9lioration du bien-\u00eatre, mais aussi, via l&rsquo;enseignement autour de la m\u00e9decine chinoise ou encore l&rsquo;organisation de voyages de groupe cl\u00e9 en mains, lesquels sont plac\u00e9s sous le signe de la d\u00e9couverte et du bien-\u00eatre. Les activit\u00e9s sont alors [&hellip;]\" \/>\n<meta property=\"og:url\" content=\"https:\/\/formations-qitao.fr\/\" \/>\n<meta property=\"og:site_name\" content=\"Qi Tao\" \/>\n<meta property=\"article:modified_time\" content=\"2026-03-27T15:52:12+00:00\" \/>\n<meta name=\"twitter:card\" content=\"summary_large_image\" \/>\n<meta name=\"twitter:label1\" content=\"Dur\u00e9e de lecture estim\u00e9e\" \/>\n\t<meta name=\"twitter:data1\" content=\"1 minute\" \/>\n<script type=\"application\/ld+json\" class=\"yoast-schema-graph\">{\"@context\":\"https:\\\/\\\/schema.org\",\"@graph\":[{\"@type\":\"WebPage\",\"@id\":\"https:\\\/\\\/formations-qitao.fr\\\/\",\"url\":\"https:\\\/\\\/formations-qitao.fr\\\/\",\"name\":\"Bienvenue dans notre centre de formation - Qi Tao\",\"isPartOf\":{\"@id\":\"https:\\\/\\\/formations-qitao.fr\\\/#website\"},\"datePublished\":\"2021-02-01T13:04:02+00:00\",\"dateModified\":\"2026-03-27T15:52:12+00:00\",\"breadcrumb\":{\"@id\":\"https:\\\/\\\/formations-qitao.fr\\\/#breadcrumb\"},\"inLanguage\":\"fr-FR\",\"potentialAction\":[{\"@type\":\"ReadAction\",\"target\":[\"https:\\\/\\\/formations-qitao.fr\\\/\"]}]},{\"@type\":\"BreadcrumbList\",\"@id\":\"https:\\\/\\\/formations-qitao.fr\\\/#breadcrumb\",\"itemListElement\":[{\"@type\":\"ListItem\",\"position\":1,\"name\":\"Accueil\",\"item\":\"https:\\\/\\\/formations-qitao.fr\\\/\"},{\"@type\":\"ListItem\",\"position\":2,\"name\":\"Bienvenue dans notre centre de formation\"}]},{\"@type\":\"WebSite\",\"@id\":\"https:\\\/\\\/formations-qitao.fr\\\/#website\",\"url\":\"https:\\\/\\\/formations-qitao.fr\\\/\",\"name\":\"Qi Tao\",\"description\":\"La voie de l&#039;\u00e9quilibre\",\"publisher\":{\"@id\":\"https:\\\/\\\/formations-qitao.fr\\\/#organization\"},\"potentialAction\":[{\"@type\":\"SearchAction\",\"target\":{\"@type\":\"EntryPoint\",\"urlTemplate\":\"https:\\\/\\\/formations-qitao.fr\\\/?s={search_term_string}\"},\"query-input\":{\"@type\":\"PropertyValueSpecification\",\"valueRequired\":true,\"valueName\":\"search_term_string\"}}],\"inLanguage\":\"fr-FR\"},{\"@type\":\"Organization\",\"@id\":\"https:\\\/\\\/formations-qitao.fr\\\/#organization\",\"name\":\"Qi Tao\",\"url\":\"https:\\\/\\\/formations-qitao.fr\\\/\",\"logo\":{\"@type\":\"ImageObject\",\"inLanguage\":\"fr-FR\",\"@id\":\"https:\\\/\\\/formations-qitao.fr\\\/#\\\/schema\\\/logo\\\/image\\\/\",\"url\":\"https:\\\/\\\/formations-qitao.fr\\\/wp-content\\\/uploads\\\/2021\\\/02\\\/cropped-cropped-logo_qitao_2-1.jpg\",\"contentUrl\":\"https:\\\/\\\/formations-qitao.fr\\\/wp-content\\\/uploads\\\/2021\\\/02\\\/cropped-cropped-logo_qitao_2-1.jpg\",\"width\":200,\"height\":80,\"caption\":\"Qi Tao\"},\"image\":{\"@id\":\"https:\\\/\\\/formations-qitao.fr\\\/#\\\/schema\\\/logo\\\/image\\\/\"}}]}<\/script>\n<!-- \/ Yoast SEO plugin. -->","yoast_head_json":{"title":"Bienvenue dans notre centre de formation - Qi Tao","robots":{"index":"index","follow":"follow","max-snippet":"max-snippet:-1","max-image-preview":"max-image-preview:large","max-video-preview":"max-video-preview:-1"},"canonical":"https:\/\/formations-qitao.fr\/","og_locale":"fr_FR","og_type":"article","og_title":"Bienvenue dans notre centre de formation - Qi Tao","og_description":"La soci\u00e9t\u00e9 PS ASSETS MANAGEMENT\u00a0 est d\u00e9di\u00e9e au d\u00e9veloppement personnel par la pratique d&rsquo;activit\u00e9s corporelles contribuant \u00e0 l&rsquo;am\u00e9lioration du bien-\u00eatre, mais aussi, via l&rsquo;enseignement autour de la m\u00e9decine chinoise ou encore l&rsquo;organisation de voyages de groupe cl\u00e9 en mains, lesquels sont plac\u00e9s sous le signe de la d\u00e9couverte et du bien-\u00eatre. Les activit\u00e9s sont alors [&hellip;]","og_url":"https:\/\/formations-qitao.fr\/","og_site_name":"Qi Tao","article_modified_time":"2026-03-27T15:52:12+00:00","twitter_card":"summary_large_image","twitter_misc":{"Dur\u00e9e de lecture estim\u00e9e":"1 minute"},"schema":{"@context":"https:\/\/schema.org","@graph":[{"@type":"WebPage","@id":"https:\/\/formations-qitao.fr\/","url":"https:\/\/formations-qitao.fr\/","name":"Bienvenue dans notre centre de formation - Qi Tao","isPartOf":{"@id":"https:\/\/formations-qitao.fr\/#website"},"datePublished":"2021-02-01T13:04:02+00:00","dateModified":"2026-03-27T15:52:12+00:00","breadcrumb":{"@id":"https:\/\/formations-qitao.fr\/#breadcrumb"},"inLanguage":"fr-FR","potentialAction":[{"@type":"ReadAction","target":["https:\/\/formations-qitao.fr\/"]}]},{"@type":"BreadcrumbList","@id":"https:\/\/formations-qitao.fr\/#breadcrumb","itemListElement":[{"@type":"ListItem","position":1,"name":"Accueil","item":"https:\/\/formations-qitao.fr\/"},{"@type":"ListItem","position":2,"name":"Bienvenue dans notre centre de formation"}]},{"@type":"WebSite","@id":"https:\/\/formations-qitao.fr\/#website","url":"https:\/\/formations-qitao.fr\/","name":"Qi Tao","description":"La voie de l&#039;\u00e9quilibre","publisher":{"@id":"https:\/\/formations-qitao.fr\/#organization"},"potentialAction":[{"@type":"SearchAction","target":{"@type":"EntryPoint","urlTemplate":"https:\/\/formations-qitao.fr\/?s={search_term_string}"},"query-input":{"@type":"PropertyValueSpecification","valueRequired":true,"valueName":"search_term_string"}}],"inLanguage":"fr-FR"},{"@type":"Organization","@id":"https:\/\/formations-qitao.fr\/#organization","name":"Qi Tao","url":"https:\/\/formations-qitao.fr\/","logo":{"@type":"ImageObject","inLanguage":"fr-FR","@id":"https:\/\/formations-qitao.fr\/#\/schema\/logo\/image\/","url":"https:\/\/formations-qitao.fr\/wp-content\/uploads\/2021\/02\/cropped-cropped-logo_qitao_2-1.jpg","contentUrl":"https:\/\/formations-qitao.fr\/wp-content\/uploads\/2021\/02\/cropped-cropped-logo_qitao_2-1.jpg","width":200,"height":80,"caption":"Qi Tao"},"image":{"@id":"https:\/\/formations-qitao.fr\/#\/schema\/logo\/image\/"}}]}},"_links":{"self":[{"href":"https:\/\/formations-qitao.fr\/index.php?rest_route=\/wp\/v2\/pages\/45","targetHints":{"allow":["GET"]}}],"collection":[{"href":"https:\/\/formations-qitao.fr\/index.php?rest_route=\/wp\/v2\/pages"}],"about":[{"href":"https:\/\/formations-qitao.fr\/index.php?rest_route=\/wp\/v2\/types\/page"}],"author":[{"embeddable":true,"href":"https:\/\/formations-qitao.fr\/index.php?rest_route=\/wp\/v2\/users\/1"}],"replies":[{"embeddable":true,"href":"https:\/\/formations-qitao.fr\/index.php?rest_route=%2Fwp%2Fv2%2Fcomments&post=45"}],"version-history":[{"count":57,"href":"https:\/\/formations-qitao.fr\/index.php?rest_route=\/wp\/v2\/pages\/45\/revisions"}],"predecessor-version":[{"id":1261,"href":"https:\/\/formations-qitao.fr\/index.php?rest_route=\/wp\/v2\/pages\/45\/revisions\/1261"}],"wp:attachment":[{"href":"https:\/\/formations-qitao.fr\/index.php?rest_route=%2Fwp%2Fv2%2Fmedia&parent=45"}],"curies":[{"name":"wp","href":"https:\/\/api.w.org\/{rel}","templated":true}]}}