{"id":808,"date":"2025-02-17T20:29:15","date_gmt":"2025-02-17T19:29:15","guid":{"rendered":"https:\/\/qitao.fr\/?page_id=808"},"modified":"2026-03-29T10:32:51","modified_gmt":"2026-03-29T08:32:51","slug":"le-centre","status":"publish","type":"page","link":"https:\/\/formations-qitao.fr\/?page_id=808","title":{"rendered":"Notre Centre"},"content":{"rendered":"\r\n<h4 style=\"margin: 28px 0px 8px; font-family: 'Google Sans Flex', 'Google Sans', 'Helvetica Neue', sans-serif; font-size: 16px; font-weight: bold; line-height: 24px; --gds-type-scale-default-wdth: 'wdth' 95; font-variation-settings: 'ROND' 0, 'slnt' 0, 'wdth' 95; color: #1f1f1f;\"><span style=\"color: #3366ff; font-family: arial, helvetica, sans-serif;\"><em><span class=\"selected\" style=\"background-color: #ffffff; padding: 4px 0px; font-size: 24px;\">Qi Tao : L&rsquo;Excellence en Th\u00e9rapies Alternatives et Holistiques<\/span><\/em><\/span><\/h4>\r\n<p style=\"margin: 0px 0px 16px; overflow-wrap: anywhere; color: #1f1f1f; font-family: 'Google Sans Flex', 'Google Sans', 'Helvetica Neue', sans-serif; font-size: 16px; font-weight: 400;\"><span style=\"background-color: #ffffff; font-family: arial, helvetica, sans-serif;\"><span class=\"selected\" style=\"padding: 4px 0px;\">Depuis 2018, notre institut de formation \u0153uvre sans rel\u00e2che pour l&rsquo;\u00e9volution et la professionnalisation des th\u00e9rapies alternatives.\u00a0<\/span><\/span><\/p>\r\n<p style=\"margin: 0px 0px 16px; overflow-wrap: anywhere; color: #1f1f1f; font-family: 'Google Sans Flex', 'Google Sans', 'Helvetica Neue', sans-serif; font-size: 16px; font-weight: 400;\"><span style=\"background-color: #ffffff; font-family: arial, helvetica, sans-serif;\"><span class=\"selected\" style=\"padding: 4px 0px;\">Depuis notre cr\u00e9ation,\u00a0<\/span><span class=\"selected\" style=\"padding: 4px 0px;\">plusieurs centaines de professionnels<\/span><span class=\"selected\" style=\"padding: 4px 0px;\">\u00a0ont \u00e9t\u00e9 form\u00e9s par nos soins ausi bien en France qu&rsquo;\u00e0 l&rsquo;\u00e9tranger.\u00a0 Ce vaste r\u00e9seau t\u00e9moigne de la qualit\u00e9 et de la reconnaissance de notre enseignement \u00e0 l&rsquo;\u00e9chelle internationale.<\/span><\/span><\/p>\r\n<h4 style=\"margin: 28px 0px 8px; font-family: 'Google Sans Flex', 'Google Sans', 'Helvetica Neue', sans-serif; font-size: 16px; font-weight: bold; line-height: 24px; --gds-type-scale-default-wdth: 'wdth' 95; font-variation-settings: 'ROND' 0, 'slnt' 0, 'wdth' 95; color: #1f1f1f;\"><span style=\"color: #3366ff; font-family: arial, helvetica, sans-serif;\"><em><strong><span style=\"background-color: #ffffff; font-size: 24px;\"><span class=\"selected\" style=\"padding: 4px 0px;\">Un Catalogue de Formations Complet\u00a0<\/span><\/span><\/strong><\/em><\/span><\/h4>\r\n<p style=\"margin: 0px 0px 16px; overflow-wrap: anywhere; color: #1f1f1f; font-family: 'Google Sans Flex', 'Google Sans', 'Helvetica Neue', sans-serif; font-size: 16px; font-weight: 400;\"><span class=\"selected\" style=\"background-color: #ffffff; padding: 4px 0px; font-family: arial, helvetica, sans-serif;\">Notre offre p\u00e9dagogique est con\u00e7ue pour donner aux praticiens une ma\u00eetrise compl\u00e8te de leur discipline, en alliant les fondamentaux ancestraux et les d\u00e9couvertes les plus r\u00e9centes.<\/span><\/p>\r\n<p style=\"margin: 0px 0px 8px; overflow-wrap: anywhere; color: #1f1f1f; font-family: 'Google Sans Flex', 'Google Sans', 'Helvetica Neue', sans-serif; font-size: 16px; font-weight: 400;\"><span class=\"selected\" style=\"background-color: #ffffff; padding: 4px 0px; font-family: arial, helvetica, sans-serif;\">Nous assurons la transmission des piliers de la m\u00e9decine douce et compl\u00e9mentaire, permettant \u00e0 nos stagiaires d&rsquo;\u00e9tablir une base solide de connaissances reconnues. Nos formations incluent les disciplines essentielles telles que :<\/span><\/p>\r\n<ul style=\"list-style-type: disc; padding-inline-start: 1.6875rem; margin-top: 8px; margin-right: 0px; margin-bottom: 8px; color: #1f1f1f; font-family: 'Google Sans Flex', 'Google Sans', 'Helvetica Neue', sans-serif; font-size: 16px; font-weight: 400;\">\r\n<li style=\"margin: 8px 0px; padding-inline-start: 4px; transition: opacity 0.2s ease-in; opacity: 1;\">\r\n<p style=\"margin: 8px 0px; overflow-wrap: anywhere; padding-inline-start: 4px;\"><span class=\"selected\" style=\"background-color: #ffffff; padding: 4px 0px; font-family: arial, helvetica, sans-serif;\">R\u00e9flexologie auriculaire ou Auriculoth\u00e9rapie de niveau 1<\/span><\/p>\r\n<\/li>\r\n<li style=\"margin: 8px 0px; padding-inline-start: 4px; transition: opacity 0.2s ease-in; opacity: 1;\">\r\n<p style=\"margin: 8px 0px; overflow-wrap: anywhere; padding-inline-start: 4px;\"><span class=\"selected\" style=\"background-color: #ffffff; padding: 4px 0px; font-family: arial, helvetica, sans-serif;\">R\u00e9flexologie auriculaire et M\u00e9decine chinoise, niveau 2<\/span><\/p>\r\n<\/li>\r\n<li style=\"margin: 8px 0px; padding-inline-start: 4px; transition: opacity 0.2s ease-in; opacity: 1;\">\r\n<p style=\"margin: 8px 0px; overflow-wrap: anywhere; padding-inline-start: 4px;\"><span class=\"selected\" style=\"background-color: #ffffff; padding: 4px 0px; font-family: arial, helvetica, sans-serif;\">R\u00e9flexologie plantaire<\/span><\/p>\r\n<\/li>\r\n<li style=\"margin: 8px 0px; padding-inline-start: 4px; transition: opacity 0.2s ease-in; opacity: 1;\">\r\n<p style=\"margin: 8px 0px; overflow-wrap: anywhere; padding-inline-start: 4px;\"><span style=\"font-family: arial, helvetica, sans-serif;\">Aculift = la puissance de la m\u00e9decine chinoise au service de la beaut\u00e9 et de la jeunesse<\/span><\/p>\r\n<\/li>\r\n<li style=\"margin: 8px 0px; padding-inline-start: 4px; transition: opacity 0.2s ease-in; opacity: 1;\"><span style=\"font-family: arial, helvetica, sans-serif;\">M\u00e9decine des ventouses \/ Gua Sha \/ Moxibustion<\/span><\/li>\r\n<li style=\"margin: 8px 0px; padding-inline-start: 4px; transition: opacity 0.2s ease-in; opacity: 1;\">\r\n<p style=\"margin: 8px 0px; overflow-wrap: anywhere; padding-inline-start: 4px;\">\u00a0<\/p>\r\n<\/li>\r\n<\/ul>\r\n<h4 style=\"margin: 28px 0px 8px; font-family: 'Google Sans Flex', 'Google Sans', 'Helvetica Neue', sans-serif; font-size: 16px; font-weight: bold; line-height: 24px; --gds-type-scale-default-wdth: 'wdth' 95; font-variation-settings: 'ROND' 0, 'slnt' 0, 'wdth' 95; color: #1f1f1f;\"><span style=\"font-family: arial, helvetica, sans-serif;\"><em><span style=\"font-size: 24px;\"><strong><span style=\"background-color: #ffffff; color: #0000ff;\"><span class=\"selected\" style=\"padding: 4px 0px;\"><span style=\"color: #3366ff;\">L&rsquo;Exigence P\u00e9dagogique : Notre Gage de R\u00e9ussite<\/span><br \/><br \/><\/span><\/span><\/strong><\/span><\/em><\/span><\/h4>\r\n<p style=\"margin: 0px 0px 8px; overflow-wrap: anywhere; color: #1f1f1f; font-family: 'Google Sans Flex', 'Google Sans', 'Helvetica Neue', sans-serif; font-size: 16px; font-weight: 400;\"><span class=\"selected\" style=\"background-color: #ffffff; padding: 4px 0px; font-family: arial, helvetica, sans-serif;\">La renomm\u00e9e de notre centre repose sur une p\u00e9dagogie d&rsquo;excellence, assur\u00e9e par des professionnels reconnus qui ma\u00eetrisent et pratiquent au quotidien les disciplines enseign\u00e9es :<\/span><\/p>\r\n<ul style=\"list-style-type: disc; padding-inline-start: 1.6875rem; margin-top: 8px; margin-right: 0px; margin-bottom: 8px; color: #1f1f1f; font-family: 'Google Sans Flex', 'Google Sans', 'Helvetica Neue', sans-serif; font-size: 16px; font-weight: 400;\">\r\n<li style=\"margin: 8px 0px; padding-inline-start: 4px; transition: opacity 0.2s ease-in; opacity: 1;\">\r\n<p style=\"margin: 8px 0px; overflow-wrap: anywhere; padding-inline-start: 4px;\"><span style=\"background-color: #ffffff; font-family: arial, helvetica, sans-serif;\"><span class=\"selected\" style=\"padding: 4px 0px;\"><span style=\"color: #0000ff;\"><strong><span style=\"text-decoration: underline;\">Un Corps Enseignant de Haut Niveau<\/span><\/strong> <\/span>:<\/span><span class=\"selected\" style=\"padding: 4px 0px;\">\u00a0Nos formations sont exclusivement dispens\u00e9es par des praticiens disposant d&rsquo;une vaste exp\u00e9rience professionnelle av\u00e9r\u00e9e.<\/span><\/span><\/p>\r\n<\/li>\r\n<li style=\"margin: 8px 0px; padding-inline-start: 4px; transition: opacity 0.2s ease-in; opacity: 1;\">\r\n<p style=\"margin: 8px 0px; overflow-wrap: anywhere; padding-inline-start: 4px;\"><span style=\"background-color: #ffffff; font-family: arial, helvetica, sans-serif;\"><span class=\"selected\" style=\"padding: 4px 0px;\"><span style=\"text-decoration: underline; color: #0000ff;\"><strong>Assimilation Rapide et Pratique<\/strong><\/span> :<\/span><span class=\"selected\" style=\"padding: 4px 0px;\">\u00a0Gr\u00e2ce \u00e0 des moyens p\u00e9dagogiques modernes et performants, nos \u00e9l\u00e8ves sont capables d&rsquo;assimiler rapidement l&rsquo;essentiel des connaissances th\u00e9oriques et pratiques. <br \/>Cet enseignement cibl\u00e9 permet une int\u00e9gration imm\u00e9diate des nouvelles m\u00e9thodes dans votre pratique quotidienne.<\/span><\/span><\/p>\r\n<\/li>\r\n<\/ul>\r\n<h4 style=\"margin: 28px 0px 8px; font-family: 'Google Sans Flex', 'Google Sans', 'Helvetica Neue', sans-serif; font-size: 16px; font-weight: bold; line-height: 24px; --gds-type-scale-default-wdth: 'wdth' 95; font-variation-settings: 'ROND' 0, 'slnt' 0, 'wdth' 95; color: #1f1f1f;\"><span style=\"color: #3366ff; font-family: arial, helvetica, sans-serif;\"><em><span style=\"font-size: 24px;\"><strong><span style=\"background-color: #ffffff;\"><span class=\"selected\" style=\"padding: 4px 0px;\">Perfectionnement et Accessibilit\u00e9<\/span><\/span><\/strong><\/span><\/em><\/span><\/h4>\r\n<p style=\"margin: 0px 0px 16px; overflow-wrap: anywhere; color: #1f1f1f; font-family: 'Google Sans Flex', 'Google Sans', 'Helvetica Neue', sans-serif; font-size: 16px; font-weight: 400;\"><span class=\"selected\" style=\"background-color: #ffffff; padding: 4px 0px; font-family: arial, helvetica, sans-serif;\">Gr\u00e2ce \u00e0 un soutien cons\u00e9quent de partenaires s\u00e9lectionn\u00e9s pour la qualit\u00e9 de leurs produits et services, nous veillons \u00e0 ce que nos formations restent accessibles. <br \/><br \/>Que vous soyez un praticien exp\u00e9riment\u00e9 cherchant \u00e0 se perfectionner, un professionnel d\u00e9sirant donner une nouvelle orientation \u00e0 votre carri\u00e8re, ou en reconversion, Qi Tao vous fournit les outils et les connaissances pour r\u00e9ussir dans votre pratique.<\/span><\/p>\r\n<p style=\"margin: 0px 0px 16px; overflow-wrap: anywhere; color: #1f1f1f; font-family: 'Google Sans Flex', 'Google Sans', 'Helvetica Neue', sans-serif; font-size: 16px; font-weight: 400;\"><span class=\"selected\" style=\"background-color: #ffffff; padding: 4px 0px; font-family: arial, helvetica, sans-serif;\">Rejoignez\u00a0 Qi Tai et donnez une nouvelle dimension \u00e0 votre pratique th\u00e9rapeutique !<\/span><\/p>\r\n<h4 style=\"color: #000000;\"><span style=\"font-size: 24px; font-family: arial, helvetica, sans-serif;\"><em><span style=\"color: #3366ff;\">A qui s&rsquo;adressent nos formations ?<\/span><\/em><\/span><\/h4>\r\n<p style=\"font-size: 18px;\"><span style=\"font-family: arial, helvetica, sans-serif;\">Nos formations s&rsquo;adressent aux membres des professions m\u00e9dicales\/param\u00e9dicales ou des personnes en reconversion professionnelle qui veulent se destiner \u00e0 des m\u00e9tiers d&rsquo;accompagnants dans le domaine du bien-\u00eatre\/mieux-\u00eatre.<\/span><\/p>\r\n<p style=\"font-size: 18px;\"><span style=\"font-family: arial, helvetica, sans-serif;\">Nos locaux r\u00e9pondent aux normes d&rsquo;accessibilit\u00e9 pour personnes \u00e0 mobilit\u00e9 r\u00e9duite. Pour toute autre situation de handicap, vous pouvez contacter au pr\u00e9alable notre formateur, via notre\u00a0<a style=\"color: #007cba;\" href=\"https:\/\/qitao.fr\/?page_id=38\">formulaire de contact<\/a>\u00a0ou par t\u00e9l\u00e9phone au 06 07 66 43 77.<\/span><\/p>\r\n<p style=\"font-size: 18px;\"><span style=\"font-family: arial, helvetica, sans-serif;\"><!--more--><\/span><\/p>\r\n<h4 style=\"color: #000000;\"><span style=\"font-size: 24px; font-family: arial, helvetica, sans-serif;\"><em><span style=\"color: #3366ff;\">Comment s&rsquo;inscrire ?<\/span><\/em><\/span><\/h4>\r\n<p style=\"font-size: 18px;\"><span style=\"font-family: arial, helvetica, sans-serif;\">Pour s&rsquo;inscrire \u00e0 l&rsquo;une ou l &lsquo;autre de nos sessions, apr\u00e8s un entretien de motivation, il convient de remplir un contrat de formation professionnelle ET r\u00e9gler des arrhes dont le montant est de 30% du montant de la formation ; le solde de 70% \u00e9tant \u00e0 r\u00e9gler au plus tard la veille du d\u00e9but de la formation.<\/span><\/p>\r\n<hr \/>\r\n<h2><span style=\"color: #3366ff; font-family: arial, helvetica, sans-serif;\"><em><strong>Localisation\u00a0<\/strong><\/em><\/span><\/h2>\r\n<p><span style=\"font-family: arial, helvetica, sans-serif;\">Les formations pr\u00e9sentielles propos\u00e9es par Qi Tao se d\u00e9roulent \u00e0 Valence au 120 de l&rsquo;avenue Victor Hugo, \u00e0 5 minutes de la gare de Valence Ville.<\/span><\/p>\r\n<p><br \/><span style=\"font-family: arial, helvetica, sans-serif;\">\u00bb\u00bb <a href=\"https:\/\/qitao.fr\/acc\u00e8s_spa_120_av_v_hugo_2.pdf\">t\u00e9l\u00e9chargez le plan<\/a><\/span><\/p>\r\n<p>&nbsp;<\/p>\r\n<p><iframe loading=\"lazy\" style=\"border: 0;\" src=\"https:\/\/www.google.com\/maps\/embed?pb=!1m18!1m12!1m3!1d2824.9097180544168!2d4.885503976658301!3d44.92517147107042!2m3!1f0!2f0!3f0!3m2!1i1024!2i768!4f13.1!3m3!1m2!1s0x47f5583026f85741%3A0x957cd2ff3de3b35e!2s120%20Av.%20Victor%20Hugo%2C%2026000%20Valence!5e0!3m2!1sfr!2sfr!4v1739822669962!5m2!1sfr!2sfr\" width=\"600\" height=\"450\" allowfullscreen=\"allowfullscreen\"><\/iframe><\/p>\r\n<p><span style=\"font-family: arial, helvetica, sans-serif;\">Pour acc\u00e9der \u00e0 notre centre :<\/span><\/p>\r\n<ul>\r\n<li><span style=\"font-family: arial, helvetica, sans-serif;\">en TGV ou TER gare Valence ville <\/span><br \/><span style=\"font-family: arial, helvetica, sans-serif;\">Attention bien prendre Valence Ville comme destination finale et pas Valence TGV)<\/span><\/li>\r\n<li><span style=\"font-family: arial, helvetica, sans-serif;\">par la route : <\/span><br \/><span style=\"font-family: arial, helvetica, sans-serif;\">\u2192 Autoroute A7 sortie Valence Nord ou Valence Sud<\/span><br \/><span style=\"font-family: arial, helvetica, sans-serif;\">\u2192 Autoroute A49 : sortie Chatuzange-le-Goubet, puis voie rapide<\/span><br \/><span style=\"font-family: arial, helvetica, sans-serif;\">\u00bb parking pour se garer le Clos Sylvestre situ\u00e9 en face des locaux<\/span><\/li>\r\n<li><span style=\"font-family: arial, helvetica, sans-serif;\">Bus : ligne 1 arr\u00eat Marguerite<\/span><\/li>\r\n<li><span style=\"font-family: arial, helvetica, sans-serif;\">Station v\u00e9lo Lib\u00e9lo : arr\u00eat Marguerite<\/span><\/li>\r\n<\/ul>\r\n<h2><span style=\"font-family: arial, helvetica, sans-serif;\"><!--more--><\/span><\/h2>\r\n<h2><span style=\"font-family: arial, helvetica, sans-serif;\"><strong><span style=\"text-decoration: underline; color: #3366ff;\"><em>O\u00f9 se restaurer ?<\/em><\/span><\/strong><\/span><\/h2>\r\n<p><span style=\"font-family: arial, helvetica, sans-serif;\">Notre centre met \u00e0 disposition de ses stagiaires un frigo et un micro-ondes pour se restaurer sur place.<\/span><\/p>\r\n<p><span style=\"font-family: arial, helvetica, sans-serif;\">A proximit\u00e9 imm\u00e9diate du centre se trouvent diff\u00e9rentes possibilit\u00e9s de restauration, de fa\u00e7on non exhaustive\u00a0 :<\/span><\/p>\r\n<ul style=\"list-style-type: disc;\">\r\n<li><span style=\"font-family: arial, helvetica, sans-serif;\">sandwicherie : Tacos&rsquo;Co, La mie C\u00e2line, Hugo Sandwich, l&rsquo;Atelier d&rsquo;Aldo&#8230;<\/span><\/li>\r\n<li><span style=\"font-family: arial, helvetica, sans-serif;\">fast-food :\u00a0 Mac Donald&rsquo;s<\/span><\/li>\r\n<li><span style=\"font-family: arial, helvetica, sans-serif;\">mais \u00e9galement un supermarch\u00e9 Carrefour City ouvert 7j\/7.<\/span><br \/><br \/><\/li>\r\n<\/ul>\r\n<p><span style=\"font-family: arial, helvetica, sans-serif;\"><!--more--><\/span><\/p>\r\n<h2><span style=\"text-decoration: underline; font-family: arial, helvetica, sans-serif;\"><em style=\"font-size: revert; color: initial;\"><strong><span style=\"text-decoration: underline;\"><span style=\"color: #3366ff; text-decoration: underline;\">Nous contacter<\/span><\/span><\/strong><\/em><\/span><\/h2>\r\n<p><span style=\"font-family: arial, helvetica, sans-serif;\">Vous pouvez nous joindre par mail \u00e0 <a href=\"mailto:pascal@qitao.fr\">pascal@qitao.fr<\/a> ou par t\u00e9l\u00e9phone\/Whatsapp au +33.6.07.66.43.77<!--more--><\/span><\/p>\r\n<h2>\u00a0<\/h2>\r\n<p><span style=\"font-family: arial, helvetica, sans-serif;\"><!--more--><\/span><\/p>\r\n<h2><span style=\"text-decoration: underline; color: #3366ff; font-family: arial, helvetica, sans-serif;\"><em><strong>Quelques Indicateurs\u00a0<\/strong><\/em><\/span><\/h2>\r\n<p><span style=\"text-decoration: underline; font-family: arial, helvetica, sans-serif;\">au cours de l&rsquo;ann\u00e9e 2024 :<\/span><\/p>\r\n<ul style=\"list-style-type: circle;\">\r\n<li><span style=\"font-family: arial, helvetica, sans-serif;\"><strong><span style=\"color: #0000ff;\">66<\/span><\/strong> stagiaires form\u00e9s<\/span><\/li>\r\n<li><span style=\"font-family: arial, helvetica, sans-serif;\"><strong><span style=\"color: #0000ff;\">17<\/span> <\/strong>sessions de formation<\/span><\/li>\r\n<li><span style=\"font-family: arial, helvetica, sans-serif;\"><strong><span style=\"color: #0000ff;\">1012<\/span><\/strong> heures stagiaires<\/span><\/li>\r\n<li><span style=\"font-family: arial, helvetica, sans-serif;\"><strong><span style=\"color: #0000ff;\">100%<\/span><\/strong> de cursus valid\u00e9s<\/span><\/li>\r\n<\/ul>\r\n<p><span style=\"font-family: arial, helvetica, sans-serif;\">\r\n\r\n<\/span><\/p>\r\n<p>&nbsp;<\/p>\r\n","protected":false},"excerpt":{"rendered":"<p>Qi Tao : L&rsquo;Excellence en Th\u00e9rapies Alternatives et Holistiques Depuis 2018, notre institut de formation \u0153uvre sans rel\u00e2che pour l&rsquo;\u00e9volution et la professionnalisation des th\u00e9rapies alternatives.\u00a0 Depuis notre cr\u00e9ation,\u00a0plusieurs centaines de professionnels\u00a0ont \u00e9t\u00e9 form\u00e9s par nos soins ausi bien en France qu&rsquo;\u00e0 l&rsquo;\u00e9tranger.\u00a0 Ce vaste r\u00e9seau t\u00e9moigne de la qualit\u00e9 et de la reconnaissance de [&hellip;]<\/p>\n","protected":false},"author":1,"featured_media":0,"parent":0,"menu_order":0,"comment_status":"closed","ping_status":"closed","template":"","meta":{"footnotes":""},"class_list":["post-808","page","type-page","status-publish","hentry","post"],"yoast_head":"<!-- This site is optimized with the Yoast SEO plugin v27.4 - https:\/\/yoast.com\/product\/yoast-seo-wordpress\/ -->\n<title>Notre Centre - Qi Tao<\/title>\n<meta name=\"robots\" content=\"index, follow, max-snippet:-1, max-image-preview:large, max-video-preview:-1\" \/>\n<link rel=\"canonical\" href=\"https:\/\/formations-qitao.fr\/?page_id=808\" \/>\n<meta property=\"og:locale\" content=\"fr_FR\" \/>\n<meta property=\"og:type\" content=\"article\" \/>\n<meta property=\"og:title\" content=\"Notre Centre - Qi Tao\" \/>\n<meta property=\"og:description\" content=\"Qi Tao : L&rsquo;Excellence en Th\u00e9rapies Alternatives et Holistiques Depuis 2018, notre institut de formation \u0153uvre sans rel\u00e2che pour l&rsquo;\u00e9volution et la professionnalisation des th\u00e9rapies alternatives.\u00a0 Depuis notre cr\u00e9ation,\u00a0plusieurs centaines de professionnels\u00a0ont \u00e9t\u00e9 form\u00e9s par nos soins ausi bien en France qu&rsquo;\u00e0 l&rsquo;\u00e9tranger.\u00a0 Ce vaste r\u00e9seau t\u00e9moigne de la qualit\u00e9 et de la reconnaissance de [&hellip;]\" \/>\n<meta property=\"og:url\" content=\"https:\/\/formations-qitao.fr\/?page_id=808\" \/>\n<meta property=\"og:site_name\" content=\"Qi Tao\" \/>\n<meta property=\"article:modified_time\" content=\"2026-03-29T08:32:51+00:00\" \/>\n<meta name=\"twitter:card\" content=\"summary_large_image\" \/>\n<meta name=\"twitter:label1\" content=\"Dur\u00e9e de lecture estim\u00e9e\" \/>\n\t<meta name=\"twitter:data1\" content=\"4 minutes\" \/>\n<script type=\"application\/ld+json\" class=\"yoast-schema-graph\">{\"@context\":\"https:\\\/\\\/schema.org\",\"@graph\":[{\"@type\":\"WebPage\",\"@id\":\"https:\\\/\\\/formations-qitao.fr\\\/?page_id=808\",\"url\":\"https:\\\/\\\/formations-qitao.fr\\\/?page_id=808\",\"name\":\"Notre Centre - Qi Tao\",\"isPartOf\":{\"@id\":\"https:\\\/\\\/formations-qitao.fr\\\/#website\"},\"datePublished\":\"2025-02-17T19:29:15+00:00\",\"dateModified\":\"2026-03-29T08:32:51+00:00\",\"breadcrumb\":{\"@id\":\"https:\\\/\\\/formations-qitao.fr\\\/?page_id=808#breadcrumb\"},\"inLanguage\":\"fr-FR\",\"potentialAction\":[{\"@type\":\"ReadAction\",\"target\":[\"https:\\\/\\\/formations-qitao.fr\\\/?page_id=808\"]}]},{\"@type\":\"BreadcrumbList\",\"@id\":\"https:\\\/\\\/formations-qitao.fr\\\/?page_id=808#breadcrumb\",\"itemListElement\":[{\"@type\":\"ListItem\",\"position\":1,\"name\":\"Accueil\",\"item\":\"https:\\\/\\\/formations-qitao.fr\\\/\"},{\"@type\":\"ListItem\",\"position\":2,\"name\":\"Notre Centre\"}]},{\"@type\":\"WebSite\",\"@id\":\"https:\\\/\\\/formations-qitao.fr\\\/#website\",\"url\":\"https:\\\/\\\/formations-qitao.fr\\\/\",\"name\":\"Qi Tao\",\"description\":\"La voie de l&#039;\u00e9quilibre\",\"publisher\":{\"@id\":\"https:\\\/\\\/formations-qitao.fr\\\/#organization\"},\"potentialAction\":[{\"@type\":\"SearchAction\",\"target\":{\"@type\":\"EntryPoint\",\"urlTemplate\":\"https:\\\/\\\/formations-qitao.fr\\\/?s={search_term_string}\"},\"query-input\":{\"@type\":\"PropertyValueSpecification\",\"valueRequired\":true,\"valueName\":\"search_term_string\"}}],\"inLanguage\":\"fr-FR\"},{\"@type\":\"Organization\",\"@id\":\"https:\\\/\\\/formations-qitao.fr\\\/#organization\",\"name\":\"Qi Tao\",\"url\":\"https:\\\/\\\/formations-qitao.fr\\\/\",\"logo\":{\"@type\":\"ImageObject\",\"inLanguage\":\"fr-FR\",\"@id\":\"https:\\\/\\\/formations-qitao.fr\\\/#\\\/schema\\\/logo\\\/image\\\/\",\"url\":\"https:\\\/\\\/formations-qitao.fr\\\/wp-content\\\/uploads\\\/2021\\\/02\\\/cropped-cropped-logo_qitao_2-1.jpg\",\"contentUrl\":\"https:\\\/\\\/formations-qitao.fr\\\/wp-content\\\/uploads\\\/2021\\\/02\\\/cropped-cropped-logo_qitao_2-1.jpg\",\"width\":200,\"height\":80,\"caption\":\"Qi Tao\"},\"image\":{\"@id\":\"https:\\\/\\\/formations-qitao.fr\\\/#\\\/schema\\\/logo\\\/image\\\/\"}}]}<\/script>\n<!-- \/ Yoast SEO plugin. -->","yoast_head_json":{"title":"Notre Centre - Qi Tao","robots":{"index":"index","follow":"follow","max-snippet":"max-snippet:-1","max-image-preview":"max-image-preview:large","max-video-preview":"max-video-preview:-1"},"canonical":"https:\/\/formations-qitao.fr\/?page_id=808","og_locale":"fr_FR","og_type":"article","og_title":"Notre Centre - Qi Tao","og_description":"Qi Tao : L&rsquo;Excellence en Th\u00e9rapies Alternatives et Holistiques Depuis 2018, notre institut de formation \u0153uvre sans rel\u00e2che pour l&rsquo;\u00e9volution et la professionnalisation des th\u00e9rapies alternatives.\u00a0 Depuis notre cr\u00e9ation,\u00a0plusieurs centaines de professionnels\u00a0ont \u00e9t\u00e9 form\u00e9s par nos soins ausi bien en France qu&rsquo;\u00e0 l&rsquo;\u00e9tranger.\u00a0 Ce vaste r\u00e9seau t\u00e9moigne de la qualit\u00e9 et de la reconnaissance de [&hellip;]","og_url":"https:\/\/formations-qitao.fr\/?page_id=808","og_site_name":"Qi Tao","article_modified_time":"2026-03-29T08:32:51+00:00","twitter_card":"summary_large_image","twitter_misc":{"Dur\u00e9e de lecture estim\u00e9e":"4 minutes"},"schema":{"@context":"https:\/\/schema.org","@graph":[{"@type":"WebPage","@id":"https:\/\/formations-qitao.fr\/?page_id=808","url":"https:\/\/formations-qitao.fr\/?page_id=808","name":"Notre Centre - Qi Tao","isPartOf":{"@id":"https:\/\/formations-qitao.fr\/#website"},"datePublished":"2025-02-17T19:29:15+00:00","dateModified":"2026-03-29T08:32:51+00:00","breadcrumb":{"@id":"https:\/\/formations-qitao.fr\/?page_id=808#breadcrumb"},"inLanguage":"fr-FR","potentialAction":[{"@type":"ReadAction","target":["https:\/\/formations-qitao.fr\/?page_id=808"]}]},{"@type":"BreadcrumbList","@id":"https:\/\/formations-qitao.fr\/?page_id=808#breadcrumb","itemListElement":[{"@type":"ListItem","position":1,"name":"Accueil","item":"https:\/\/formations-qitao.fr\/"},{"@type":"ListItem","position":2,"name":"Notre Centre"}]},{"@type":"WebSite","@id":"https:\/\/formations-qitao.fr\/#website","url":"https:\/\/formations-qitao.fr\/","name":"Qi Tao","description":"La voie de l&#039;\u00e9quilibre","publisher":{"@id":"https:\/\/formations-qitao.fr\/#organization"},"potentialAction":[{"@type":"SearchAction","target":{"@type":"EntryPoint","urlTemplate":"https:\/\/formations-qitao.fr\/?s={search_term_string}"},"query-input":{"@type":"PropertyValueSpecification","valueRequired":true,"valueName":"search_term_string"}}],"inLanguage":"fr-FR"},{"@type":"Organization","@id":"https:\/\/formations-qitao.fr\/#organization","name":"Qi Tao","url":"https:\/\/formations-qitao.fr\/","logo":{"@type":"ImageObject","inLanguage":"fr-FR","@id":"https:\/\/formations-qitao.fr\/#\/schema\/logo\/image\/","url":"https:\/\/formations-qitao.fr\/wp-content\/uploads\/2021\/02\/cropped-cropped-logo_qitao_2-1.jpg","contentUrl":"https:\/\/formations-qitao.fr\/wp-content\/uploads\/2021\/02\/cropped-cropped-logo_qitao_2-1.jpg","width":200,"height":80,"caption":"Qi Tao"},"image":{"@id":"https:\/\/formations-qitao.fr\/#\/schema\/logo\/image\/"}}]}},"_links":{"self":[{"href":"https:\/\/formations-qitao.fr\/index.php?rest_route=\/wp\/v2\/pages\/808","targetHints":{"allow":["GET"]}}],"collection":[{"href":"https:\/\/formations-qitao.fr\/index.php?rest_route=\/wp\/v2\/pages"}],"about":[{"href":"https:\/\/formations-qitao.fr\/index.php?rest_route=\/wp\/v2\/types\/page"}],"author":[{"embeddable":true,"href":"https:\/\/formations-qitao.fr\/index.php?rest_route=\/wp\/v2\/users\/1"}],"replies":[{"embeddable":true,"href":"https:\/\/formations-qitao.fr\/index.php?rest_route=%2Fwp%2Fv2%2Fcomments&post=808"}],"version-history":[{"count":25,"href":"https:\/\/formations-qitao.fr\/index.php?rest_route=\/wp\/v2\/pages\/808\/revisions"}],"predecessor-version":[{"id":1186,"href":"https:\/\/formations-qitao.fr\/index.php?rest_route=\/wp\/v2\/pages\/808\/revisions\/1186"}],"wp:attachment":[{"href":"https:\/\/formations-qitao.fr\/index.php?rest_route=%2Fwp%2Fv2%2Fmedia&parent=808"}],"curies":[{"name":"wp","href":"https:\/\/api.w.org\/{rel}","templated":true}]}}